CRAN Package Check Results for Package rayshader

Last updated on 2022-09-25 18:51:33 CEST.

Flavor Version Tinstall Tcheck Ttotal Status Flags
r-devel-linux-x86_64-debian-clang 0.24.10 114.50 147.18 261.68 OK
r-devel-linux-x86_64-debian-gcc 0.24.10 96.56 113.71 210.27 OK
r-devel-linux-x86_64-fedora-clang 0.24.10 366.95 OK
r-devel-linux-x86_64-fedora-gcc 0.24.10 345.31 OK
r-devel-windows-x86_64 0.24.10 132.00 242.00 374.00 OK
r-patched-linux-x86_64 0.24.10 98.97 143.07 242.04 OK
r-release-linux-x86_64 0.24.10 100.61 142.51 243.12 OK
r-release-macos-arm64 0.24.10 84.00 NOTE
r-release-macos-x86_64 0.24.10 116.00 NOTE
r-release-windows-x86_64 0.24.10 143.00 223.00 366.00 OK
r-oldrel-macos-arm64 0.24.10 106.00 NOTE
r-oldrel-macos-x86_64 0.24.10 131.00 NOTE
r-oldrel-windows-ix86+x86_64 0.24.10 273.00 236.00 509.00 NOTE

Check Details

Version: 0.24.10
Check: installed package size
Result: NOTE
     installed size is 6.9Mb
     sub-directories of 1Mb or more:
     data 2.9Mb
     libs 3.3Mb
Flavors: r-release-macos-arm64, r-release-macos-x86_64, r-oldrel-macos-arm64, r-oldrel-macos-x86_64, r-oldrel-windows-ix86+x86_64