CRAN Package Check Results for Package rayrender

Last updated on 2022-10-07 21:51:16 CEST.

Flavor Version Tinstall Tcheck Ttotal Status Flags
r-devel-linux-x86_64-debian-clang 0.27.1 456.99 85.43 542.42 OK
r-devel-linux-x86_64-debian-gcc 0.27.1 374.18 62.22 436.40 OK
r-devel-linux-x86_64-fedora-clang 0.27.1 841.57 WARN
r-devel-linux-x86_64-fedora-gcc 0.27.1 760.25 OK
r-devel-windows-x86_64 0.27.1 377.00 159.00 536.00 OK
r-patched-linux-x86_64 0.27.1 406.18 78.16 484.34 OK
r-release-linux-x86_64 0.27.1 392.29 76.30 468.59 OK
r-release-macos-arm64 0.27.1 150.00 NOTE
r-release-macos-x86_64 0.27.1 214.00 NOTE
r-release-windows-x86_64 0.27.1 445.00 140.00 585.00 OK
r-oldrel-macos-arm64 0.27.1 134.00 NOTE
r-oldrel-macos-x86_64 0.27.1 205.00 NOTE
r-oldrel-windows-ix86+x86_64 0.27.1 1136.00 150.00 1286.00 NOTE

Additional issues

M1mac M1mac

Check Details

Version: 0.27.1
Check: whether package can be installed
Result: WARN
    Found the following significant warnings:
     ./rng.h:15:38: warning: hexadecimal floating literals are a C++17 feature [-Wc++17-extensions]
     /data/gannet/ripley/R/test-clang/spacefillr/include/sobol.h:11:24: warning: hexadecimal floating literals are a C++17 feature [-Wc++17-extensions]
     /data/gannet/ripley/R/test-clang/spacefillr/include/low_discrepancy.h:38:38: warning: hexadecimal floating literals are a C++17 feature [-Wc++17-extensions]
Flavor: r-devel-linux-x86_64-fedora-clang

Version: 0.27.1
Check: installed package size
Result: NOTE
     installed size is 19.8Mb
     sub-directories of 1Mb or more:
     libs 19.1Mb
Flavors: r-release-macos-arm64, r-release-macos-x86_64, r-oldrel-macos-arm64, r-oldrel-macos-x86_64, r-oldrel-windows-ix86+x86_64