CRAN Package Check Results for Package rayrender

Last updated on 2020-10-31 22:47:32 CET.

Flavor Version Tinstall Tcheck Ttotal Status Flags
r-devel-linux-x86_64-debian-clang 0.14.0 63.12 46.48 109.60 OK
r-devel-linux-x86_64-debian-gcc 0.14.0 55.53 35.28 90.81 OK
r-devel-linux-x86_64-fedora-clang 0.14.0 158.27 NOTE
r-devel-linux-x86_64-fedora-gcc 0.14.0 161.55 OK
r-devel-windows-ix86+x86_64 0.14.0 135.00 79.00 214.00 OK
r-patched-linux-x86_64 0.14.0 65.50 43.25 108.75 OK
r-patched-solaris-x86 0.14.0 151.80 OK
r-release-linux-x86_64 0.14.0 61.83 43.06 104.89 OK
r-release-macos-x86_64 0.14.0 NOTE
r-release-windows-ix86+x86_64 0.14.0 109.00 102.00 211.00 OK
r-oldrel-macos-x86_64 0.14.0 NOTE
r-oldrel-windows-ix86+x86_64 0.14.0 131.00 78.00 209.00 OK

Check Details

Version: 0.14.0
Check: installed package size
Result: NOTE
     installed size is 7.0Mb
     sub-directories of 1Mb or more:
     libs 6.6Mb
Flavors: r-devel-linux-x86_64-fedora-clang, r-release-macos-x86_64, r-oldrel-macos-x86_64