CRAN Package Check Results for Package ratematrix

Last updated on 2020-09-22 14:05:07 CEST.

Flavor Version Tinstall Tcheck Ttotal Status Flags
r-devel-linux-x86_64-debian-clang 1.2.2 68.51 148.85 217.36 OK
r-devel-linux-x86_64-debian-gcc 1.2.2 51.22 125.79 177.01 OK
r-devel-linux-x86_64-fedora-clang 1.2.2 298.69 NOTE
r-devel-linux-x86_64-fedora-gcc 1.2.2 268.84 OK
r-devel-windows-ix86+x86_64 1.2.2 145.00 206.00 351.00 OK
r-patched-linux-x86_64 1.2.2 55.41 141.74 197.15 OK
r-patched-solaris-x86 1.2.2 318.00 OK
r-release-linux-x86_64 1.2.2 56.29 142.58 198.87 OK
r-release-macos-x86_64 1.2.2 NOTE
r-release-windows-ix86+x86_64 1.2.2 142.00 247.00 389.00 OK
r-oldrel-macos-x86_64 1.2.2 NOTE
r-oldrel-windows-ix86+x86_64 1.2.2 95.00 239.00 334.00 OK

Check Details

Version: 1.2.2
Check: installed package size
Result: NOTE
     installed size is 6.8Mb
     sub-directories of 1Mb or more:
     libs 5.1Mb
Flavors: r-devel-linux-x86_64-fedora-clang, r-release-macos-x86_64, r-oldrel-macos-x86_64