CRAN Package Check Results for Package ratematrix

Last updated on 2022-08-17 06:51:26 CEST.

Flavor Version Tinstall Tcheck Ttotal Status Flags
r-devel-linux-x86_64-debian-clang 1.2.4 79.72 173.89 253.61 OK
r-devel-linux-x86_64-debian-gcc 1.2.4 OK
r-devel-linux-x86_64-fedora-clang 1.2.4 326.38 OK
r-devel-linux-x86_64-fedora-gcc 1.2.4 312.40 OK
r-devel-windows-x86_64 1.2.4 150.00 235.00 385.00 OK
r-patched-linux-x86_64 1.2.4 56.07 177.46 233.53 OK
r-release-linux-x86_64 1.2.4 61.91 180.21 242.12 OK
r-release-macos-arm64 1.2.4 88.00 NOTE
r-release-macos-x86_64 1.2.4 111.00 NOTE
r-release-windows-x86_64 1.2.4 94.00 227.00 321.00 OK
r-oldrel-macos-arm64 1.2.4 88.00 NOTE
r-oldrel-macos-x86_64 1.2.4 108.00 NOTE
r-oldrel-windows-ix86+x86_64 1.2.4 155.00 259.00 414.00 OK

Check Details

Version: 1.2.4
Check: installed package size
Result: NOTE
     installed size is 6.7Mb
     sub-directories of 1Mb or more:
     libs 5.0Mb
Flavors: r-release-macos-arm64, r-release-macos-x86_64, r-oldrel-macos-arm64, r-oldrel-macos-x86_64