CRAN Package Check Results for Package ratelimitr

Last updated on 2022-09-26 21:53:05 CEST.

Flavor Version Tinstall Tcheck Ttotal Status Flags
r-devel-linux-x86_64-debian-clang 0.4.1 2.14 28.89 31.03 NOTE
r-devel-linux-x86_64-debian-gcc 0.4.1 1.62 22.81 24.43 NOTE
r-devel-linux-x86_64-fedora-clang 0.4.1 50.34 NOTE
r-devel-linux-x86_64-fedora-gcc 0.4.1 47.21 NOTE
r-devel-windows-x86_64 0.4.1 28.00 81.00 109.00 NOTE
r-patched-linux-x86_64 0.4.1 2.36 28.05 30.41 NOTE
r-release-linux-x86_64 0.4.1 1.93 27.78 29.71 NOTE
r-release-macos-arm64 0.4.1 36.00 NOTE
r-release-macos-x86_64 0.4.1 44.00 NOTE
r-release-windows-x86_64 0.4.1 29.00 73.00 102.00 NOTE
r-oldrel-macos-arm64 0.4.1 43.00 NOTE
r-oldrel-macos-x86_64 0.4.1 47.00 NOTE
r-oldrel-windows-ix86+x86_64 0.4.1 6.00 69.00 75.00 NOTE

Check Details

Version: 0.4.1
Check: LazyData
Result: NOTE
     'LazyData' is specified without a 'data' directory
Flavors: r-devel-linux-x86_64-debian-clang, r-devel-linux-x86_64-debian-gcc, r-devel-linux-x86_64-fedora-clang, r-devel-linux-x86_64-fedora-gcc, r-devel-windows-x86_64, r-patched-linux-x86_64, r-release-linux-x86_64, r-release-macos-arm64, r-release-macos-x86_64, r-release-windows-x86_64, r-oldrel-macos-arm64, r-oldrel-macos-x86_64, r-oldrel-windows-ix86+x86_64