CRAN Package Check Results for Package rasterdiv

Last updated on 2022-09-25 00:49:13 CEST.

Flavor Version Tinstall Tcheck Ttotal Status Flags
r-devel-linux-x86_64-debian-clang 0.2-5.2 50.53 504.38 554.91 OK
r-devel-linux-x86_64-debian-gcc 0.2-5.2 40.73 364.37 405.10 OK
r-devel-linux-x86_64-fedora-clang 0.2-5.2 657.86 OK
r-devel-linux-x86_64-fedora-gcc 0.2-5.2 662.79 OK
r-devel-windows-x86_64 0.2-5.2 56.00 500.00 556.00 OK
r-patched-linux-x86_64 0.2-5.2 44.53 476.05 520.58 OK
r-release-linux-x86_64 0.2-5.2 51.47 482.14 533.61 OK
r-release-macos-arm64 0.2-5.2 172.00 NOTE
r-release-macos-x86_64 0.2-5.2 229.00 OK
r-release-windows-x86_64 0.2-5.2 74.00 501.00 575.00 OK
r-oldrel-macos-arm64 0.2-5.2 152.00 NOTE
r-oldrel-macos-x86_64 0.2-5.2 223.00 OK
r-oldrel-windows-ix86+x86_64 0.2-5.2 91.00 543.00 634.00 OK

Check Details

Version: 0.2-5.2
Check: installed package size
Result: NOTE
     installed size is 5.1Mb
     sub-directories of 1Mb or more:
     data 4.1Mb
Flavors: r-release-macos-arm64, r-oldrel-macos-arm64