CRAN Package Check Results for Package rasterbc

Last updated on 2022-10-02 21:53:50 CEST.

Flavor Version Tinstall Tcheck Ttotal Status Flags
r-devel-linux-x86_64-debian-clang 1.0.1 3.69 44.20 47.89 NOTE
r-devel-linux-x86_64-debian-gcc 1.0.1 2.74 33.88 36.62 NOTE
r-devel-linux-x86_64-fedora-clang 1.0.1 70.82 NOTE
r-devel-linux-x86_64-fedora-gcc 1.0.1 67.10 NOTE
r-devel-windows-x86_64 1.0.1 15.00 75.00 90.00 NOTE
r-patched-linux-x86_64 1.0.1 3.46 42.68 46.14 OK
r-release-linux-x86_64 1.0.1 3.73 42.11 45.84 OK
r-release-macos-arm64 1.0.1 24.00 OK
r-release-macos-x86_64 1.0.1 31.00 OK
r-release-windows-x86_64 1.0.1 15.00 74.00 89.00 OK
r-oldrel-macos-arm64 1.0.1 22.00 OK
r-oldrel-macos-x86_64 1.0.1 29.00 OK
r-oldrel-windows-ix86+x86_64 1.0.1 8.00 70.00 78.00 OK

Check Details

Version: 1.0.1
Check: package subdirectories
Result: NOTE
    Problems with news in 'NEWS.md':
    No news entries found.
Flavors: r-devel-linux-x86_64-debian-clang, r-devel-linux-x86_64-debian-gcc, r-devel-linux-x86_64-fedora-clang, r-devel-linux-x86_64-fedora-gcc, r-devel-windows-x86_64