CRAN Package Check Results for Package rasterImage

Last updated on 2024-06-19 00:49:38 CEST.

Flavor Version Tinstall Tcheck Ttotal Status Flags
r-devel-linux-x86_64-debian-clang 0.4.0 1.93 22.15 24.08 NOTE
r-devel-linux-x86_64-debian-gcc 0.4.0 1.68 17.20 18.88 NOTE
r-devel-linux-x86_64-fedora-clang 0.4.0 31.03 NOTE
r-devel-linux-x86_64-fedora-gcc 0.4.0 29.29 NOTE
r-devel-windows-x86_64 0.4.0 2.00 38.00 40.00 NOTE
r-patched-linux-x86_64 0.4.0 2.05 21.31 23.36 NOTE
r-release-linux-x86_64 0.4.0 2.05 21.13 23.18 NOTE
r-release-macos-arm64 0.4.0 13.00 NOTE
r-release-macos-x86_64 0.4.0 18.00 NOTE
r-release-windows-x86_64 0.4.0 3.00 38.00 41.00 NOTE
r-oldrel-macos-arm64 0.4.0 15.00 NOTE
r-oldrel-macos-x86_64 0.4.0 19.00 NOTE
r-oldrel-windows-x86_64 0.4.0 3.00 39.00 42.00 NOTE

Check Details

Version: 0.4.0
Check: LazyData
Result: NOTE 'LazyData' is specified without a 'data' directory Flavors: r-devel-linux-x86_64-debian-clang, r-devel-linux-x86_64-debian-gcc, r-devel-linux-x86_64-fedora-clang, r-devel-linux-x86_64-fedora-gcc, r-devel-windows-x86_64, r-patched-linux-x86_64, r-release-linux-x86_64, r-release-macos-arm64, r-release-macos-x86_64, r-release-windows-x86_64, r-oldrel-macos-arm64, r-oldrel-macos-x86_64, r-oldrel-windows-x86_64