CRAN Package Check Results for Package raster

Last updated on 2020-11-25 19:49:29 CET.

Flavor Version Tinstall Tcheck Ttotal Status Flags
r-devel-linux-x86_64-debian-clang 3.4-5 291.50 278.27 569.77 OK
r-devel-linux-x86_64-debian-gcc 3.4-5 243.66 210.53 454.19 OK
r-devel-linux-x86_64-fedora-clang 3.4-5 668.71 NOTE
r-devel-linux-x86_64-fedora-gcc 3.4-5 614.54 OK
r-devel-windows-ix86+x86_64 3.4-5 467.00 470.00 937.00 NOTE
r-patched-linux-x86_64 3.4-5 296.67 265.08 561.75 OK
r-patched-solaris-x86 3.4-5 582.40 OK
r-release-linux-x86_64 3.4-5 380.28 275.84 656.12 OK
r-release-macos-x86_64 3.4-5 NOTE
r-release-windows-ix86+x86_64 3.4-5 476.00 395.00 871.00 NOTE
r-oldrel-macos-x86_64 3.4-5 NOTE
r-oldrel-windows-ix86+x86_64 3.4-5 360.00 427.00 787.00 NOTE

Check Details

Version: 3.4-5
Check: installed package size
Result: NOTE
     installed size is 11.2Mb
     sub-directories of 1Mb or more:
     R 2.5Mb
     libs 7.6Mb
Flavors: r-devel-linux-x86_64-fedora-clang, r-devel-windows-ix86+x86_64, r-release-macos-x86_64, r-release-windows-ix86+x86_64, r-oldrel-macos-x86_64, r-oldrel-windows-ix86+x86_64

Version: 3.4-5
Check: dependencies in R code
Result: NOTE
    No protocol specified
    No protocol specified
Flavor: r-oldrel-macos-x86_64