CRAN Package Check Results for Package raster

Last updated on 2020-09-18 13:52:21 CEST.

Flavor Version Tinstall Tcheck Ttotal Status Flags
r-devel-linux-x86_64-debian-clang 3.3-13 228.92 266.21 495.13 OK
r-devel-linux-x86_64-debian-gcc 3.3-13 160.58 199.65 360.23 OK
r-devel-linux-x86_64-fedora-clang 3.3-13 650.68 NOTE
r-devel-linux-x86_64-fedora-gcc 3.3-13 609.66 OK
r-devel-windows-ix86+x86_64 3.3-13 465.00 449.00 914.00 NOTE
r-patched-linux-x86_64 3.3-13 170.77 263.92 434.69 OK
r-patched-solaris-x86 3.3-13 575.10 OK
r-release-linux-x86_64 3.3-13 171.62 267.69 439.31 OK
r-release-macos-x86_64 3.3-13 NOTE
r-release-windows-ix86+x86_64 3.3-13 469.00 451.00 920.00 NOTE
r-oldrel-macos-x86_64 3.3-13 NOTE
r-oldrel-windows-ix86+x86_64 3.3-13 336.00 417.00 753.00 NOTE

Check Details

Version: 3.3-13
Check: installed package size
Result: NOTE
     installed size is 11.3Mb
     sub-directories of 1Mb or more:
     R 2.5Mb
     libs 7.7Mb
Flavors: r-devel-linux-x86_64-fedora-clang, r-devel-windows-ix86+x86_64, r-release-macos-x86_64, r-release-windows-ix86+x86_64, r-oldrel-macos-x86_64, r-oldrel-windows-ix86+x86_64

Version: 3.3-13
Check: dependencies in R code
Result: NOTE
    No protocol specified
    No protocol specified
Flavor: r-oldrel-macos-x86_64