CRAN Package Check Results for Package rareNMtests

Last updated on 2020-09-22 14:05:07 CEST.

Flavor Version Tinstall Tcheck Ttotal Status Flags
r-devel-linux-x86_64-debian-clang 1.1 8.48 64.77 73.25 NOTE
r-devel-linux-x86_64-debian-gcc 1.1 7.56 52.74 60.30 NOTE
r-devel-linux-x86_64-fedora-clang 1.1 101.78 NOTE
r-devel-linux-x86_64-fedora-gcc 1.1 92.97 NOTE
r-devel-windows-ix86+x86_64 1.1 19.00 75.00 94.00 NOTE
r-patched-linux-x86_64 1.1 8.26 63.61 71.87 NOTE
r-patched-solaris-x86 1.1 131.40 NOTE
r-release-linux-x86_64 1.1 8.45 63.85 72.30 NOTE
r-release-macos-x86_64 1.1 NOTE
r-release-windows-ix86+x86_64 1.1 19.00 69.00 88.00 NOTE
r-oldrel-macos-x86_64 1.1 NOTE
r-oldrel-windows-ix86+x86_64 1.1 10.00 81.00 91.00 NOTE

Check Details

Version: 1.1
Check: DESCRIPTION meta-information
Result: NOTE
    Malformed Description field: should contain one or more complete sentences.
Flavors: r-devel-linux-x86_64-debian-clang, r-devel-linux-x86_64-debian-gcc, r-devel-linux-x86_64-fedora-clang, r-devel-linux-x86_64-fedora-gcc, r-devel-windows-ix86+x86_64, r-patched-linux-x86_64, r-patched-solaris-x86, r-release-linux-x86_64, r-release-macos-x86_64, r-release-windows-ix86+x86_64, r-oldrel-macos-x86_64, r-oldrel-windows-ix86+x86_64

Version: 1.1
Check: R code for possible problems
Result: NOTE
    BiogTest.individual: no visible global function definition for 'combn'
    BiogTest.individual: no visible global function definition for 'runif'
    BiogTest.individual: no visible global function definition for 'rlnorm'
    BiogTest.individual: no visible global function definition for
     'rnbinom'
    BiogTest.sample: no visible global function definition for 'combn'
    BiogTest.sample: no visible global function definition for 'runif'
    BiogTest.sample: no visible global function definition for 'rlnorm'
    BiogTest.sample: no visible global function definition for 'rnbinom'
    BiogTest.sample: no visible global function definition for 'aggregate'
    EcoTest.individual: no visible global function definition for 'xtabs'
    plot.BiogTest: no visible global function definition for 'quantile'
    plot.BiogTest: no visible global function definition for 'combn'
    plot.EcoTest: no visible global function definition for 'quantile'
    Undefined global functions or variables:
     aggregate combn quantile rlnorm rnbinom runif xtabs
    Consider adding
     importFrom("stats", "aggregate", "quantile", "rlnorm", "rnbinom",
     "runif", "xtabs")
     importFrom("utils", "combn")
    to your NAMESPACE file.
Flavors: r-devel-linux-x86_64-debian-clang, r-devel-linux-x86_64-debian-gcc, r-devel-linux-x86_64-fedora-clang, r-devel-linux-x86_64-fedora-gcc, r-devel-windows-ix86+x86_64, r-patched-linux-x86_64, r-patched-solaris-x86, r-release-linux-x86_64, r-release-macos-x86_64, r-release-windows-ix86+x86_64, r-oldrel-macos-x86_64, r-oldrel-windows-ix86+x86_64