CRAN Package Check Results for Package rare

Last updated on 2022-08-15 12:54:07 CEST.

Flavor Version Tinstall Tcheck Ttotal Status Flags
r-devel-linux-x86_64-debian-clang 0.1.1 46.61 90.26 136.87 OK
r-devel-linux-x86_64-debian-gcc 0.1.1 40.59 67.49 108.08 OK
r-devel-linux-x86_64-fedora-clang 0.1.1 180.52 OK
r-devel-linux-x86_64-fedora-gcc 0.1.1 177.96 OK
r-devel-windows-x86_64 0.1.1 41.00 136.00 177.00 OK
r-patched-linux-x86_64 0.1.1 43.66 84.67 128.33 OK
r-release-linux-x86_64 0.1.1 39.82 85.20 125.02 OK
r-release-macos-arm64 0.1.1 52.00 OK
r-release-macos-x86_64 0.1.1 70.00 OK
r-release-windows-x86_64 0.1.1 49.00 138.00 187.00 OK
r-oldrel-macos-arm64 0.1.1 55.00 NOTE
r-oldrel-macos-x86_64 0.1.1 101.00 OK
r-oldrel-windows-ix86+x86_64 0.1.1 111.00 143.00 254.00 OK

Check Details

Version: 0.1.1
Check: installed package size
Result: NOTE
     installed size is 5.5Mb
     sub-directories of 1Mb or more:
     doc 1.2Mb
     libs 4.2Mb
Flavor: r-oldrel-macos-arm64