CRAN Package Check Results for Package raptr

Last updated on 2020-05-29 22:50:14 CEST.

Flavor Version Tinstall Tcheck Ttotal Status Flags
r-devel-linux-x86_64-debian-clang 0.1.6 200.63 231.56 432.19 NOTE
r-devel-linux-x86_64-debian-gcc 0.1.6 155.27 174.55 329.82 NOTE
r-devel-linux-x86_64-fedora-clang 0.1.6 594.37 NOTE
r-devel-linux-x86_64-fedora-gcc 0.1.6 546.28 NOTE
r-devel-windows-ix86+x86_64 0.1.6 472.00 510.00 982.00 NOTE
r-patched-linux-x86_64 0.1.6 171.29 228.37 399.66 NOTE
r-patched-solaris-x86 0.1.6 769.20 NOTE
r-release-linux-x86_64 0.1.6 166.82 225.74 392.56 NOTE
r-release-osx-x86_64 0.1.6 NOTE
r-release-windows-ix86+x86_64 0.1.6 385.00 549.00 934.00 NOTE
r-oldrel-osx-x86_64 0.1.6 NOTE
r-oldrel-windows-ix86+x86_64 0.1.6 343.00 396.00 739.00 NOTE

Check Details

Version: 0.1.6
Check: package dependencies
Result: NOTE
    Package suggested but not available for checking: 'gurobi'
Flavors: r-devel-linux-x86_64-debian-clang, r-devel-linux-x86_64-debian-gcc, r-devel-linux-x86_64-fedora-clang, r-devel-linux-x86_64-fedora-gcc, r-devel-windows-ix86+x86_64, r-patched-linux-x86_64, r-patched-solaris-x86, r-release-linux-x86_64, r-release-osx-x86_64, r-release-windows-ix86+x86_64, r-oldrel-osx-x86_64, r-oldrel-windows-ix86+x86_64

Version: 0.1.6
Check: installed package size
Result: NOTE
     installed size is 18.8Mb
     sub-directories of 1Mb or more:
     data 3.6Mb
     doc 1.4Mb
     libs 13.1Mb
Flavors: r-devel-linux-x86_64-fedora-clang, r-devel-windows-ix86+x86_64, r-patched-solaris-x86, r-release-osx-x86_64, r-release-windows-ix86+x86_64, r-oldrel-osx-x86_64, r-oldrel-windows-ix86+x86_64