CRAN Package Check Results for Package rappsflyer

Last updated on 2022-08-13 12:55:23 CEST.

Flavor Version Tinstall Tcheck Ttotal Status Flags
r-devel-linux-x86_64-debian-clang 0.2.0 5.48 60.04 65.52 NOTE
r-devel-linux-x86_64-debian-gcc 0.2.0 4.67 44.68 49.35 NOTE
r-devel-linux-x86_64-fedora-clang 0.2.0 88.46 NOTE
r-devel-linux-x86_64-fedora-gcc 0.2.0 84.05 NOTE
r-devel-windows-x86_64 0.2.0 26.00 87.00 113.00 NOTE
r-patched-linux-x86_64 0.2.0 4.60 55.92 60.52 NOTE
r-release-linux-x86_64 0.2.0 5.38 56.02 61.40 NOTE
r-release-macos-arm64 0.2.0 28.00 NOTE
r-release-macos-x86_64 0.2.0 56.00 NOTE
r-release-windows-x86_64 0.2.0 25.00 86.00 111.00 NOTE
r-oldrel-macos-arm64 0.2.0 30.00 NOTE
r-oldrel-macos-x86_64 0.2.0 39.00 NOTE
r-oldrel-windows-ix86+x86_64 0.2.0 18.00 78.00 96.00 NOTE

Check Details

Version: 0.2.0
Check: LazyData
Result: NOTE
     'LazyData' is specified without a 'data' directory
Flavors: r-devel-linux-x86_64-debian-clang, r-devel-linux-x86_64-debian-gcc, r-devel-linux-x86_64-fedora-clang, r-devel-linux-x86_64-fedora-gcc, r-devel-windows-x86_64, r-patched-linux-x86_64, r-release-linux-x86_64, r-release-macos-arm64, r-release-macos-x86_64, r-release-windows-x86_64, r-oldrel-macos-arm64, r-oldrel-macos-x86_64, r-oldrel-windows-ix86+x86_64