CRAN Package Check Results for Package randquotes

Last updated on 2020-07-07 02:08:33 CEST.

Flavor Version Tinstall Tcheck Ttotal Status Flags
r-devel-linux-x86_64-debian-clang 0.1.1 2.03 22.95 24.98 OK
r-devel-linux-x86_64-debian-gcc 0.1.1 1.61 18.25 19.86 OK
r-devel-linux-x86_64-fedora-clang 0.1.1 39.28 NOTE
r-devel-linux-x86_64-fedora-gcc 0.1.1 29.87 NOTE
r-devel-windows-ix86+x86_64 0.1.1 5.00 33.00 38.00 OK
r-patched-linux-x86_64 0.1.1 1.84 22.67 24.51 OK
r-patched-solaris-x86 0.1.1 47.10 NOTE
r-release-linux-x86_64 0.1.1 1.82 22.63 24.45 OK
r-release-osx-x86_64 0.1.1 NOTE
r-release-windows-ix86+x86_64 0.1.1 6.00 36.00 42.00 OK
r-oldrel-osx-x86_64 0.1.1 NOTE
r-oldrel-windows-ix86+x86_64 0.1.1 4.00 69.00 73.00 OK

Check Details

Version: 0.1.1
Check: dependencies in R code
Result: NOTE
    Namespaces in Imports field not imported from:
     ‘curl’ ‘jsonlite’
     All declared Imports should be used.
Flavors: r-devel-linux-x86_64-fedora-clang, r-devel-linux-x86_64-fedora-gcc, r-patched-solaris-x86, r-release-osx-x86_64, r-oldrel-osx-x86_64