CRAN Package Check Results for Package randomizeR

Last updated on 2022-08-13 12:55:23 CEST.

Flavor Version Tinstall Tcheck Ttotal Status Flags
r-devel-linux-x86_64-debian-clang 2.0.0 27.19 204.31 231.50 NOTE
r-devel-linux-x86_64-debian-gcc 2.0.0 18.43 146.96 165.39 NOTE
r-devel-linux-x86_64-fedora-clang 2.0.0 305.67 NOTE
r-devel-linux-x86_64-fedora-gcc 2.0.0 310.01 NOTE
r-devel-windows-x86_64 2.0.0 167.00 296.00 463.00 NOTE
r-patched-linux-x86_64 2.0.0 27.26 184.41 211.67 NOTE
r-release-linux-x86_64 2.0.0 26.61 189.46 216.07 NOTE
r-release-macos-arm64 2.0.0 76.00 NOTE
r-release-macos-x86_64 2.0.0 138.00 NOTE
r-release-windows-x86_64 2.0.0 146.00 280.00 426.00 NOTE
r-oldrel-macos-arm64 2.0.0 106.00 NOTE
r-oldrel-macos-x86_64 2.0.0 163.00 NOTE
r-oldrel-windows-ix86+x86_64 2.0.0 48.00 231.00 279.00 NOTE

Check Details

Version: 2.0.0
Check: package subdirectories
Result: NOTE
    Problems with news in 'NEWS.md':
     Cannot extract version info from the following section titles:
     Bug Fixes
     New Features
     Major Changes
     Minor changes
Flavors: r-devel-linux-x86_64-debian-clang, r-devel-linux-x86_64-debian-gcc, r-devel-linux-x86_64-fedora-clang, r-devel-linux-x86_64-fedora-gcc, r-devel-windows-x86_64

Version: 2.0.0
Check: LazyData
Result: NOTE
     'LazyData' is specified without a 'data' directory
Flavors: r-devel-linux-x86_64-debian-clang, r-devel-linux-x86_64-debian-gcc, r-devel-linux-x86_64-fedora-clang, r-devel-linux-x86_64-fedora-gcc, r-devel-windows-x86_64, r-patched-linux-x86_64, r-release-linux-x86_64, r-release-macos-arm64, r-release-macos-x86_64, r-release-windows-x86_64, r-oldrel-macos-arm64, r-oldrel-macos-x86_64, r-oldrel-windows-ix86+x86_64