CRAN Package Check Results for Package randomcoloR

Last updated on 2024-06-13 00:55:28 CEST.

Flavor Version Tinstall Tcheck Ttotal Status Flags
r-devel-linux-x86_64-debian-clang 1.1.0.1 4.32 43.09 47.41 NOTE
r-devel-linux-x86_64-debian-gcc 1.1.0.1 0.33 1.64 1.97 ERROR
r-devel-linux-x86_64-fedora-clang 1.1.0.1 58.47 NOTE
r-devel-linux-x86_64-fedora-gcc 1.1.0.1 55.42 NOTE
r-devel-windows-x86_64 1.1.0.1 4.00 56.00 60.00 NOTE
r-patched-linux-x86_64 1.1.0.1 4.93 41.92 46.85 NOTE
r-release-linux-x86_64 1.1.0.1 4.62 40.73 45.35 NOTE
r-release-macos-arm64 1.1.0.1 20.00 NOTE
r-release-macos-x86_64 1.1.0.1 32.00 NOTE
r-release-windows-x86_64 1.1.0.1 5.00 56.00 61.00 NOTE
r-oldrel-macos-arm64 1.1.0.1 23.00 NOTE
r-oldrel-macos-x86_64 1.1.0.1 38.00 NOTE
r-oldrel-windows-x86_64 1.1.0.1 6.00 58.00 64.00 NOTE

Check Details

Version: 1.1.0.1
Check: LazyData
Result: NOTE 'LazyData' is specified without a 'data' directory Flavors: r-devel-linux-x86_64-debian-clang, r-devel-linux-x86_64-fedora-clang, r-devel-linux-x86_64-fedora-gcc, r-devel-windows-x86_64, r-patched-linux-x86_64, r-release-linux-x86_64, r-release-macos-arm64, r-release-macos-x86_64, r-release-windows-x86_64, r-oldrel-macos-arm64, r-oldrel-macos-x86_64, r-oldrel-windows-x86_64

Version: 1.1.0.1
Check: package dependencies
Result: ERROR Package required but not available: ‘stringr’ See section ‘The DESCRIPTION file’ in the ‘Writing R Extensions’ manual. Flavor: r-devel-linux-x86_64-debian-gcc