Last updated on 2023-02-03 06:50:29 CET.
Flavor | Version | Tinstall | Tcheck | Ttotal | Status | Flags |
---|---|---|---|---|---|---|
r-devel-linux-x86_64-debian-clang | 0.3.0 | 35.58 | 218.21 | 253.79 | NOTE | |
r-devel-linux-x86_64-debian-gcc | 0.3.0 | 23.25 | 160.28 | 183.53 | NOTE | |
r-devel-linux-x86_64-fedora-clang | 0.3.0 | 300.65 | NOTE | |||
r-devel-linux-x86_64-fedora-gcc | 0.3.0 | 325.93 | NOTE | |||
r-devel-windows-x86_64 | 0.3.0 | 140.00 | 267.00 | 407.00 | NOTE | |
r-patched-linux-x86_64 | 0.3.0 | 22.66 | 209.66 | 232.32 | OK | |
r-release-linux-x86_64 | 0.3.0 | 24.56 | 204.37 | 228.93 | OK | |
r-release-macos-arm64 | 0.3.0 | 77.00 | OK | |||
r-release-macos-x86_64 | 0.3.0 | 159.00 | OK | |||
r-release-windows-x86_64 | 0.3.0 | 103.00 | 274.00 | 377.00 | OK | |
r-oldrel-macos-arm64 | 0.3.0 | 67.00 | OK | |||
r-oldrel-macos-x86_64 | 0.3.0 | 105.00 | OK | |||
r-oldrel-windows-ix86+x86_64 | 0.3.0 | 73.00 | 327.00 | 400.00 | OK |
Version: 0.3.0
Check: C++ specification
Result: NOTE
Specified C++11: please update to current default of C++17
Flavors: r-devel-linux-x86_64-debian-clang, r-devel-linux-x86_64-debian-gcc, r-devel-linux-x86_64-fedora-clang, r-devel-linux-x86_64-fedora-gcc, r-devel-windows-x86_64