CRAN Package Check Results for Package radlibs

Last updated on 2020-05-29 07:54:05 CEST.

Flavor Version Tinstall Tcheck Ttotal Status Flags
r-devel-linux-x86_64-debian-clang 0.1.0 2.73 40.52 43.25 OK
r-devel-linux-x86_64-debian-gcc 0.1.0 1.86 27.73 29.59 OK
r-devel-linux-x86_64-fedora-clang 0.1.0 47.49 NOTE
r-devel-linux-x86_64-fedora-gcc 0.1.0 43.68 NOTE
r-devel-windows-ix86+x86_64 0.1.0 12.00 50.00 62.00 OK
r-patched-linux-x86_64 0.1.0 2.60 34.96 37.56 OK
r-patched-solaris-x86 0.1.0 77.00 NOTE
r-release-linux-x86_64 0.1.0 2.67 34.77 37.44 OK
r-release-osx-x86_64 0.1.0 NOTE
r-release-windows-ix86+x86_64 0.1.0 7.00 65.00 72.00 OK
r-oldrel-osx-x86_64 0.1.0 NOTE
r-oldrel-windows-ix86+x86_64 0.1.0 6.00 52.00 58.00 OK

Check Details

Version: 0.1.0
Check: data for non-ASCII characters
Result: NOTE
     Note: found 3 marked UTF-8 strings
Flavors: r-devel-linux-x86_64-fedora-clang, r-devel-linux-x86_64-fedora-gcc, r-patched-solaris-x86, r-release-osx-x86_64, r-oldrel-osx-x86_64