CRAN Package Check Results for Package radiant.model

Last updated on 2022-06-28 00:51:23 CEST.

Flavor Version Tinstall Tcheck Ttotal Status Flags
r-devel-linux-x86_64-debian-clang 1.4.4 30.04 247.67 277.71 OK
r-devel-linux-x86_64-debian-gcc 1.4.4 24.25 191.94 216.19 OK
r-devel-linux-x86_64-fedora-clang 1.4.4 322.50 NOTE
r-devel-linux-x86_64-fedora-gcc 1.4.4 365.40 OK
r-devel-windows-x86_64 1.4.4 139.00 279.00 418.00 OK
r-patched-linux-x86_64 1.4.4 34.01 235.55 269.56 OK
r-release-linux-x86_64 1.4.4 27.08 234.94 262.02 OK
r-release-macos-arm64 1.4.4 62.00 OK
r-release-macos-x86_64 1.4.4 109.00 OK
r-release-windows-x86_64 1.4.4 47.00 277.00 324.00 OK
r-oldrel-macos-arm64 1.4.4 56.00 OK
r-oldrel-macos-x86_64 1.4.4 104.00 OK
r-oldrel-windows-ix86+x86_64 1.4.4 62.00 268.00 330.00 OK

Check Details

Version: 1.4.4
Check: package dependencies
Result: NOTE
    Imports includes 26 non-default packages.
    Importing from so many packages makes the package vulnerable to any of
    them becoming unavailable. Move as many as possible to Suggests and
    use conditionally.
Flavor: r-devel-linux-x86_64-fedora-clang