Last updated on 2025-01-23 12:55:13 CET.
Flavor | Version | Tinstall | Tcheck | Ttotal | Status | Flags |
---|---|---|---|---|---|---|
r-devel-linux-x86_64-debian-clang | 1.3.0 | 73.68 | 258.98 | 332.66 | OK | |
r-devel-linux-x86_64-debian-gcc | 1.3.0 | 53.64 | 183.01 | 236.65 | OK | |
r-devel-linux-x86_64-fedora-clang | 1.3.0 | 561.11 | OK | |||
r-devel-linux-x86_64-fedora-gcc | 1.3.0 | 561.74 | OK | |||
r-devel-windows-x86_64 | 1.3.0 | 84.00 | 269.00 | 353.00 | OK | |
r-patched-linux-x86_64 | 1.3.0 | 75.95 | 231.01 | 306.96 | OK | |
r-release-linux-x86_64 | 1.3.0 | 77.48 | 231.71 | 309.19 | OK | |
r-release-macos-arm64 | 1.3.0 | 129.00 | NOTE | |||
r-release-macos-x86_64 | 1.3.0 | 275.00 | NOTE | |||
r-release-windows-x86_64 | 1.3.0 | 77.00 | 267.00 | 344.00 | OK | |
r-oldrel-macos-arm64 | 1.3.0 | 135.00 | NOTE | |||
r-oldrel-macos-x86_64 | 1.3.0 | 208.00 | NOTE | |||
r-oldrel-windows-x86_64 | 1.3.0 | 95.00 | 334.00 | 429.00 | OK |
Version: 1.3.0
Check: installed package size
Result: NOTE
installed size is 6.7Mb
sub-directories of 1Mb or more:
extdata 1.0Mb
libs 4.5Mb
Flavors: r-release-macos-arm64, r-release-macos-x86_64, r-oldrel-macos-arm64, r-oldrel-macos-x86_64