CRAN Package Check Results for Package rStrava

Last updated on 2022-08-11 06:51:55 CEST.

Flavor Version Tinstall Tcheck Ttotal Status Flags
r-devel-linux-x86_64-debian-clang 1.1.4 9.20 76.82 86.02 OK
r-devel-linux-x86_64-debian-gcc 1.1.4 6.30 56.05 62.35 OK
r-devel-linux-x86_64-fedora-clang 1.1.4 115.26 NOTE
r-devel-linux-x86_64-fedora-gcc 1.1.4 106.22 NOTE
r-devel-windows-x86_64 1.1.4 30.00 113.00 143.00 OK
r-patched-linux-x86_64 1.1.4 7.78 68.91 76.69 OK
r-release-linux-x86_64 1.1.4 OK
r-release-macos-arm64 1.1.4 34.00 NOTE
r-release-macos-x86_64 1.1.4 56.00 NOTE
r-release-windows-x86_64 1.1.4 34.00 109.00 143.00 OK
r-oldrel-macos-arm64 1.1.4 28.00 NOTE
r-oldrel-macos-x86_64 1.1.4 46.00 NOTE
r-oldrel-windows-ix86+x86_64 1.1.4 20.00 96.00 116.00 OK

Check Details

Version: 1.1.4
Check: dependencies in R code
Result: NOTE
    Namespaces in Imports field not imported from:
     ‘bitops’ ‘httpuv’
     All declared Imports should be used.
Flavors: r-devel-linux-x86_64-fedora-clang, r-devel-linux-x86_64-fedora-gcc, r-release-macos-arm64, r-release-macos-x86_64, r-oldrel-macos-arm64, r-oldrel-macos-x86_64