CRAN Package Check Results for Package rSPDE

Last updated on 2022-08-17 00:52:13 CEST.

Flavor Version Tinstall Tcheck Ttotal Status Flags
r-devel-linux-x86_64-debian-clang 1.1.1 8.39 93.03 101.42 NOTE
r-devel-linux-x86_64-debian-gcc 1.1.1 8.45 71.65 80.10 NOTE
r-devel-linux-x86_64-fedora-clang 1.1.1 138.62 OK
r-devel-linux-x86_64-fedora-gcc 1.1.1 144.88 OK
r-devel-windows-x86_64 1.1.1 32.00 133.00 165.00 NOTE
r-patched-linux-x86_64 1.1.1 11.59 88.85 100.44 NOTE
r-release-linux-x86_64 1.1.1 10.89 88.68 99.57 NOTE
r-release-macos-arm64 1.1.1 37.00 NOTE
r-release-macos-x86_64 1.1.1 55.00 NOTE
r-release-windows-x86_64 1.1.1 17.00 129.00 146.00 NOTE
r-oldrel-macos-arm64 1.1.1 45.00 NOTE
r-oldrel-macos-x86_64 1.1.1 58.00 NOTE
r-oldrel-windows-ix86+x86_64 1.1.1 21.00 129.00 150.00 OK

Check Details

Version: 1.1.1
Check: package dependencies
Result: NOTE
    Package suggested but not available for checking: 'INLA'
Flavors: r-devel-linux-x86_64-debian-clang, r-devel-linux-x86_64-debian-gcc, r-devel-windows-x86_64, r-patched-linux-x86_64, r-release-linux-x86_64, r-release-macos-arm64, r-release-macos-x86_64, r-release-windows-x86_64, r-oldrel-macos-arm64, r-oldrel-macos-x86_64