CRAN Package Check Results for Package rSHAPE

Last updated on 2022-10-03 21:53:49 CEST.

Flavor Version Tinstall Tcheck Ttotal Status Flags
r-devel-linux-x86_64-debian-clang 0.3.2 12.17 80.34 92.51 NOTE
r-devel-linux-x86_64-debian-gcc 0.3.2 8.54 61.35 69.89 NOTE
r-devel-linux-x86_64-fedora-clang 0.3.2 127.18 NOTE
r-devel-linux-x86_64-fedora-gcc 0.3.2 118.83 NOTE
r-devel-windows-x86_64 0.3.2 24.00 114.00 138.00 NOTE
r-patched-linux-x86_64 0.3.2 10.69 76.77 87.46 NOTE
r-release-linux-x86_64 0.3.2 10.81 76.08 86.89 NOTE
r-release-macos-arm64 0.3.2 33.00 NOTE
r-release-macos-x86_64 0.3.2 45.00 NOTE
r-release-windows-x86_64 0.3.2 31.00 107.00 138.00 NOTE
r-oldrel-macos-arm64 0.3.2 35.00 NOTE
r-oldrel-macos-x86_64 0.3.2 54.00 NOTE
r-oldrel-windows-ix86+x86_64 0.3.2 23.00 101.00 124.00 NOTE

Check Details

Version: 0.3.2
Check: LazyData
Result: NOTE
     'LazyData' is specified without a 'data' directory
Flavors: r-devel-linux-x86_64-debian-clang, r-devel-linux-x86_64-debian-gcc, r-devel-linux-x86_64-fedora-clang, r-devel-linux-x86_64-fedora-gcc, r-devel-windows-x86_64, r-patched-linux-x86_64, r-release-linux-x86_64, r-release-macos-arm64, r-release-macos-x86_64, r-release-windows-x86_64, r-oldrel-macos-arm64, r-oldrel-macos-x86_64, r-oldrel-windows-ix86+x86_64