CRAN Package Check Results for Package rLiDAR

Last updated on 2020-10-21 13:50:04 CEST.

Flavor Version Tinstall Tcheck Ttotal Status Flags
r-devel-linux-x86_64-debian-clang 0.1.1 16.34 149.34 165.68 OK
r-devel-linux-x86_64-debian-gcc 0.1.1 14.23 114.63 128.86 OK
r-devel-linux-x86_64-fedora-clang 0.1.1 207.62 OK
r-devel-linux-x86_64-fedora-gcc 0.1.1 202.52 OK
r-devel-windows-ix86+x86_64 0.1.1 38.00 170.00 208.00 OK
r-patched-linux-x86_64 0.1.1 15.32 139.05 154.37 OK
r-patched-solaris-x86 0.1.1 277.50 OK
r-release-linux-x86_64 0.1.1 17.13 139.04 156.17 OK
r-release-macos-x86_64 0.1.1 OK
r-release-windows-ix86+x86_64 0.1.1 44.00 133.00 177.00 OK
r-oldrel-macos-x86_64 0.1.1 WARN
r-oldrel-windows-ix86+x86_64 0.1.1 33.00 112.00 145.00 OK

Check Details

Version: 0.1.1
Check: whether package can be installed
Result: WARN
    Found the following significant warnings:
     Warning: 'rgl_init' failed, running with rgl.useNULL = TRUE
Flavor: r-oldrel-macos-x86_64