CRAN Package Check Results for Package rLTP

Last updated on 2023-09-29 12:57:08 CEST.

Flavor Version Tinstall Tcheck Ttotal Status Flags
r-devel-linux-x86_64-debian-clang 0.1.4 4.14 28.81 32.95 NOTE
r-devel-linux-x86_64-debian-gcc 0.1.4 3.48 22.95 26.43 NOTE
r-devel-linux-x86_64-fedora-clang 0.1.4 40.56 NOTE
r-devel-linux-x86_64-fedora-gcc 0.1.4 40.18 NOTE
r-devel-windows-x86_64 0.1.4 8.00 45.00 53.00 NOTE
r-patched-linux-x86_64 0.1.4 3.94 29.05 32.99 NOTE
r-release-linux-x86_64 0.1.4 4.14 28.52 32.66 NOTE
r-release-macos-arm64 0.1.4 18.00 NOTE
r-release-macos-x86_64 0.1.4 24.00 NOTE
r-release-windows-x86_64 0.1.4 8.00 54.00 62.00 NOTE
r-oldrel-macos-arm64 0.1.4 18.00 NOTE
r-oldrel-macos-x86_64 0.1.4 24.00 NOTE
r-oldrel-windows-x86_64 0.1.4 23.00 69.00 92.00 NOTE

Check Details

Version: 0.1.4
Check: LazyData
Result: NOTE
     'LazyData' is specified without a 'data' directory
Flavors: r-devel-linux-x86_64-debian-clang, r-devel-linux-x86_64-debian-gcc, r-devel-linux-x86_64-fedora-clang, r-devel-linux-x86_64-fedora-gcc, r-devel-windows-x86_64, r-patched-linux-x86_64, r-release-linux-x86_64, r-release-macos-arm64, r-release-macos-x86_64, r-release-windows-x86_64, r-oldrel-macos-arm64, r-oldrel-macos-x86_64, r-oldrel-windows-x86_64