CRAN Package Check Results for Package rHpcc

Last updated on 2020-09-22 14:05:08 CEST.

Flavor Version Tinstall Tcheck Ttotal Status Flags
r-devel-linux-x86_64-debian-clang 1.0 6.78 34.90 41.68 NOTE
r-devel-linux-x86_64-debian-gcc 1.0 6.22 28.26 34.48 NOTE
r-devel-linux-x86_64-fedora-clang 1.0 62.16 NOTE
r-devel-linux-x86_64-fedora-gcc 1.0 52.89 NOTE
r-devel-windows-ix86+x86_64 1.0 16.00 48.00 64.00 NOTE
r-patched-linux-x86_64 1.0 6.52 34.77 41.29 NOTE
r-patched-solaris-x86 1.0 78.80 NOTE
r-release-linux-x86_64 1.0 7.60 34.86 42.46 NOTE
r-release-macos-x86_64 1.0 NOTE
r-release-windows-ix86+x86_64 1.0 18.00 49.00 67.00 NOTE
r-oldrel-macos-x86_64 1.0 NOTE
r-oldrel-windows-ix86+x86_64 1.0 12.00 43.00 55.00 NOTE

Check Details

Version: 1.0
Check: dependencies in R code
Result: NOTE
    Packages in Depends field not imported from:
     'RCurl' 'XML' 'methods'
     These packages need to be imported from (in the NAMESPACE file)
     for when this namespace is loaded but not attached.
Flavors: r-devel-linux-x86_64-debian-clang, r-devel-linux-x86_64-debian-gcc, r-devel-linux-x86_64-fedora-clang, r-devel-linux-x86_64-fedora-gcc, r-devel-windows-ix86+x86_64, r-patched-linux-x86_64, r-patched-solaris-x86, r-release-linux-x86_64, r-release-macos-x86_64, r-release-windows-ix86+x86_64, r-oldrel-macos-x86_64, r-oldrel-windows-ix86+x86_64

Version: 1.0
Check: R code for possible problems
Result: NOTE
    ECL: no visible global function definition for 'new'
    ECLDataset: no visible global function definition for 'new'
    ECLDedUp: no visible global function definition for 'new'
    ECLDistribute: no visible global function definition for 'new'
    ECLIterate: no visible global function definition for 'new'
    ECLJoin: no visible global function definition for 'new'
    ECLOutput: no visible global function definition for 'new'
    ECLProject: no visible global function definition for 'new'
    ECLRecord: no visible global function definition for 'new'
    ECLRollUp: no visible global function definition for 'new'
    ECLSort: no visible global function definition for 'new'
    ECLTOPN: no visible global function definition for 'new'
    ECLTable: no visible global function definition for 'new'
    ECLTransform: no visible global function definition for 'new'
    eclDirectCall: no visible global function definition for 'postForm'
    parseResults: no visible global function definition for 'xmlRoot'
    parseResults: no visible global function definition for 'xmlTreeParse'
    parseResults: no visible global function definition for 'getNodeSet'
    parseResults: no visible global function definition for 'xmlGetAttr'
    parseResults: no visible global function definition for 'xmlValue'
    parseResults: no visible global function definition for 'write.table'
    Undefined global functions or variables:
     getNodeSet new postForm write.table xmlGetAttr xmlRoot xmlTreeParse
     xmlValue
    Consider adding
     importFrom("methods", "new")
     importFrom("utils", "write.table")
    to your NAMESPACE file (and ensure that your DESCRIPTION Imports field
    contains 'methods').
Flavors: r-devel-linux-x86_64-debian-clang, r-devel-linux-x86_64-debian-gcc, r-devel-linux-x86_64-fedora-clang, r-devel-linux-x86_64-fedora-gcc, r-devel-windows-ix86+x86_64, r-patched-linux-x86_64, r-patched-solaris-x86, r-release-linux-x86_64, r-release-macos-x86_64, r-release-windows-ix86+x86_64, r-oldrel-macos-x86_64, r-oldrel-windows-ix86+x86_64