CRAN Package Check Results for Package rFSA

Last updated on 2022-08-16 12:53:10 CEST.

Flavor Version Tinstall Tcheck Ttotal Status Flags
r-devel-linux-x86_64-debian-clang 0.9.6 6.67 72.59 79.26 NOTE
r-devel-linux-x86_64-debian-gcc 0.9.6 5.72 53.40 59.12 NOTE
r-devel-linux-x86_64-fedora-clang 0.9.6 105.94 NOTE
r-devel-linux-x86_64-fedora-gcc 0.9.6 101.82 NOTE
r-devel-windows-x86_64 0.9.6 13.00 90.00 103.00 NOTE
r-patched-linux-x86_64 0.9.6 4.94 67.74 72.68 NOTE
r-release-linux-x86_64 0.9.6 6.42 68.01 74.43 NOTE
r-release-macos-arm64 0.9.6 25.00 NOTE
r-release-macos-x86_64 0.9.6 50.00 NOTE
r-release-windows-x86_64 0.9.6 14.00 89.00 103.00 NOTE
r-oldrel-macos-arm64 0.9.6 32.00 NOTE
r-oldrel-macos-x86_64 0.9.6 39.00 NOTE
r-oldrel-windows-ix86+x86_64 0.9.6 17.00 96.00 113.00 NOTE

Check Details

Version: 0.9.6
Check: LazyData
Result: NOTE
     'LazyData' is specified without a 'data' directory
Flavors: r-devel-linux-x86_64-debian-clang, r-devel-linux-x86_64-debian-gcc, r-devel-linux-x86_64-fedora-clang, r-devel-linux-x86_64-fedora-gcc, r-devel-windows-x86_64, r-patched-linux-x86_64, r-release-linux-x86_64, r-release-macos-arm64, r-release-macos-x86_64, r-release-windows-x86_64, r-oldrel-macos-arm64, r-oldrel-macos-x86_64, r-oldrel-windows-ix86+x86_64