CRAN Package Check Results for Package rCRM

Last updated on 2022-10-02 00:55:17 CEST.

Flavor Version Tinstall Tcheck Ttotal Status Flags
r-devel-linux-x86_64-debian-clang 0.1.1 29.41 29.88 59.29 NOTE
r-devel-linux-x86_64-debian-gcc 0.1.1 23.63 23.09 46.72 NOTE
r-devel-linux-x86_64-fedora-clang 0.1.1 93.69 NOTE
r-devel-linux-x86_64-fedora-gcc 0.1.1 86.09 NOTE
r-devel-windows-x86_64 0.1.1 27.00 80.00 107.00 NOTE
r-patched-linux-x86_64 0.1.1 21.98 29.09 51.07 NOTE
r-release-linux-x86_64 0.1.1 27.11 28.35 55.46 NOTE
r-release-macos-arm64 0.1.1 26.00 NOTE
r-release-macos-x86_64 0.1.1 34.00 NOTE
r-release-windows-x86_64 0.1.1 25.00 79.00 104.00 NOTE
r-oldrel-macos-arm64 0.1.1 31.00 NOTE
r-oldrel-macos-x86_64 0.1.1 43.00 NOTE
r-oldrel-windows-ix86+x86_64 0.1.1 72.00 79.00 151.00 NOTE

Check Details

Version: 0.1.1
Check: LazyData
Result: NOTE
     'LazyData' is specified without a 'data' directory
Flavors: r-devel-linux-x86_64-debian-clang, r-devel-linux-x86_64-debian-gcc, r-devel-linux-x86_64-fedora-clang, r-devel-linux-x86_64-fedora-gcc, r-devel-windows-x86_64, r-patched-linux-x86_64, r-release-linux-x86_64, r-release-macos-arm64, r-release-macos-x86_64, r-release-windows-x86_64, r-oldrel-macos-arm64, r-oldrel-macos-x86_64, r-oldrel-windows-ix86+x86_64