CRAN Package Check Results for Package rCBA

Last updated on 2022-09-26 19:50:45 CEST.

Flavor Version Tinstall Tcheck Ttotal Status Flags
r-devel-linux-x86_64-debian-clang 0.4.3 14.12 113.52 127.64 NOTE
r-devel-linux-x86_64-debian-gcc 0.4.3 9.70 85.27 94.97 NOTE
r-devel-linux-x86_64-fedora-clang 0.4.3 158.69 NOTE
r-devel-linux-x86_64-fedora-gcc 0.4.3 152.82 NOTE
r-devel-windows-x86_64 0.4.3 50.00 122.00 172.00 NOTE
r-patched-linux-x86_64 0.4.3 9.16 107.73 116.89 NOTE
r-release-linux-x86_64 0.4.3 12.69 105.79 118.48 NOTE
r-release-macos-arm64 0.4.3 44.00 NOTE
r-release-macos-x86_64 0.4.3 61.00 NOTE
r-release-windows-x86_64 0.4.3 56.00 144.00 200.00 NOTE
r-oldrel-macos-arm64 0.4.3 61.00 NOTE
r-oldrel-macos-x86_64 0.4.3 74.00 NOTE
r-oldrel-windows-ix86+x86_64 0.4.3 27.00 133.00 160.00 NOTE

Check Details

Version: 0.4.3
Check: LazyData
Result: NOTE
     'LazyData' is specified without a 'data' directory
Flavors: r-devel-linux-x86_64-debian-clang, r-devel-linux-x86_64-debian-gcc, r-devel-linux-x86_64-fedora-clang, r-devel-linux-x86_64-fedora-gcc, r-devel-windows-x86_64, r-patched-linux-x86_64, r-release-linux-x86_64, r-release-macos-arm64, r-release-macos-x86_64, r-release-windows-x86_64, r-oldrel-macos-arm64, r-oldrel-macos-x86_64, r-oldrel-windows-ix86+x86_64