Last updated on 2022-08-11 18:50:24 CEST.
Flavor | Version | Tinstall | Tcheck | Ttotal | Status | Flags |
---|---|---|---|---|---|---|
r-devel-linux-x86_64-debian-clang | 0.1.2 | 5.03 | 73.07 | 78.10 | OK | |
r-devel-linux-x86_64-debian-gcc | 0.1.2 | 4.38 | 57.67 | 62.05 | OK | |
r-devel-linux-x86_64-fedora-clang | 0.1.2 | 100.85 | NOTE | |||
r-devel-linux-x86_64-fedora-gcc | 0.1.2 | 98.34 | OK | |||
r-devel-windows-x86_64 | 0.1.2 | 15.00 | 135.00 | 150.00 | NOTE | |
r-patched-linux-x86_64 | 0.1.2 | 7.13 | 70.54 | 77.67 | OK | |
r-release-linux-x86_64 | 0.1.2 | 5.64 | 69.77 | 75.41 | OK | |
r-release-macos-arm64 | 0.1.2 | 41.00 | NOTE | |||
r-release-macos-x86_64 | 0.1.2 | 58.00 | NOTE | |||
r-release-windows-x86_64 | 0.1.2 | 47.00 | 134.00 | 181.00 | NOTE | |
r-oldrel-macos-arm64 | 0.1.2 | 120.00 | NOTE | |||
r-oldrel-macos-x86_64 | 0.1.2 | 64.00 | NOTE | |||
r-oldrel-windows-ix86+x86_64 | 0.1.2 | 14.00 | 106.00 | 120.00 | NOTE |
Version: 0.1.2
Check: installed package size
Result: NOTE
installed size is 11.6Mb
sub-directories of 1Mb or more:
doc 9.9Mb
Flavors: r-devel-linux-x86_64-fedora-clang, r-devel-windows-x86_64, r-release-macos-arm64, r-release-macos-x86_64, r-release-windows-x86_64, r-oldrel-macos-arm64, r-oldrel-macos-x86_64, r-oldrel-windows-ix86+x86_64