CRAN Package Check Results for Package r2sundials

Last updated on 2022-10-01 01:49:13 CEST.

Flavor Version Tinstall Tcheck Ttotal Status Flags
r-devel-linux-x86_64-debian-clang 5.0.0-10 71.52 181.47 252.99 OK
r-devel-linux-x86_64-debian-gcc 5.0.0-10 56.38 129.00 185.38 OK
r-devel-linux-x86_64-fedora-clang 5.0.0-10 349.19 OK
r-devel-linux-x86_64-fedora-gcc 5.0.0-10 307.63 OK
r-devel-windows-x86_64 5.0.0-10 145.00 218.00 363.00 OK
r-patched-linux-x86_64 5.0.0-10 58.29 159.41 217.70 OK
r-release-linux-x86_64 5.0.0-10 59.79 160.91 220.70 OK
r-release-macos-arm64 5.0.0-10 75.00 NOTE
r-release-macos-x86_64 5.0.0-10 95.00 NOTE
r-release-windows-x86_64 5.0.0-10 126.00 221.00 347.00 OK
r-oldrel-macos-arm64 5.0.0-10 86.00 NOTE
r-oldrel-macos-x86_64 5.0.0-10 126.00 NOTE
r-oldrel-windows-ix86+x86_64 5.0.0-10 185.00 367.00 552.00 OK

Check Details

Version: 5.0.0-10
Check: installed package size
Result: NOTE
     installed size is 6.4Mb
     sub-directories of 1Mb or more:
     libs 4.6Mb
Flavors: r-release-macos-arm64, r-release-macos-x86_64, r-oldrel-macos-arm64, r-oldrel-macos-x86_64