CRAN Package Check Results for Package r2dii.match

Last updated on 2021-04-09 19:49:37 CEST.

Flavor Version Tinstall Tcheck Ttotal Status Flags
r-devel-linux-x86_64-debian-clang 0.0.9 4.27 82.97 87.24 NOTE
r-devel-linux-x86_64-debian-gcc 0.0.9 3.49 55.61 59.10 NOTE
r-devel-linux-x86_64-fedora-clang 0.0.9 103.00 NOTE
r-devel-linux-x86_64-fedora-gcc 0.0.9 85.37 NOTE
r-devel-windows-ix86+x86_64 0.0.9 10.00 67.00 77.00 NOTE
r-devel-windows-x86_64-gcc10-UCRT 0.0.9 NOTE
r-patched-linux-x86_64 0.0.9 4.57 70.22 74.79 OK
r-patched-solaris-x86 0.0.9 131.30 OK
r-release-linux-x86_64 0.0.9 OK
r-release-macos-x86_64 0.0.9 OK
r-release-windows-ix86+x86_64 0.0.9 17.00 97.00 114.00 OK
r-oldrel-macos-x86_64 0.0.9 OK
r-oldrel-windows-ix86+x86_64 0.0.9 10.00 66.00 76.00 OK

Check Details

Version: 0.0.9
Check: LazyData
Result: NOTE
     'LazyData' is specified without a 'data' directory
Flavors: r-devel-linux-x86_64-debian-clang, r-devel-linux-x86_64-debian-gcc, r-devel-linux-x86_64-fedora-clang, r-devel-linux-x86_64-fedora-gcc, r-devel-windows-ix86+x86_64, r-devel-windows-x86_64-gcc10-UCRT