Last updated on 2023-02-01 21:55:03 CET.
Flavor | Version | Tinstall | Tcheck | Ttotal | Status | Flags |
---|---|---|---|---|---|---|
r-devel-linux-x86_64-debian-clang | 0.1 | 6.74 | 77.29 | 84.03 | NOTE | |
r-devel-linux-x86_64-debian-gcc | 0.1 | 6.18 | 64.04 | 70.22 | NOTE | |
r-devel-linux-x86_64-fedora-clang | 0.1 | 103.26 | NOTE | |||
r-devel-linux-x86_64-fedora-gcc | 0.1 | 113.46 | NOTE | |||
r-devel-windows-x86_64 | 0.1 | 21.00 | 132.00 | 153.00 | NOTE | |
r-patched-linux-x86_64 | 0.1 | 5.25 | 75.40 | 80.65 | NOTE | |
r-release-linux-x86_64 | 0.1 | 6.25 | 78.48 | 84.73 | NOTE | |
r-release-macos-arm64 | 0.1 | 32.00 | NOTE | |||
r-release-macos-x86_64 | 0.1 | 45.00 | NOTE | |||
r-release-windows-x86_64 | 0.1 | 24.00 | 134.00 | 158.00 | NOTE | |
r-oldrel-macos-arm64 | 0.1 | 38.00 | NOTE | |||
r-oldrel-macos-x86_64 | 0.1 | 55.00 | NOTE | |||
r-oldrel-windows-ix86+x86_64 | 0.1 | 12.00 | 86.00 | 98.00 | NOTE |
Version: 0.1
Check: LazyData
Result: NOTE
'LazyData' is specified without a 'data' directory
Flavors: r-devel-linux-x86_64-debian-clang, r-devel-linux-x86_64-debian-gcc, r-devel-linux-x86_64-fedora-clang, r-devel-linux-x86_64-fedora-gcc, r-devel-windows-x86_64, r-patched-linux-x86_64, r-release-linux-x86_64, r-release-macos-arm64, r-release-macos-x86_64, r-release-windows-x86_64, r-oldrel-macos-arm64, r-oldrel-macos-x86_64, r-oldrel-windows-ix86+x86_64
Version: 0.1
Check: installed package size
Result: NOTE
installed size is 5.0Mb
Flavor: r-devel-linux-x86_64-fedora-clang
Version: 0.1
Check: dependencies in R code
Result: NOTE
Namespace in Imports field not imported from: ‘utils’
All declared Imports should be used.
Flavors: r-devel-linux-x86_64-fedora-clang, r-devel-linux-x86_64-fedora-gcc, r-release-macos-arm64, r-release-macos-x86_64, r-oldrel-macos-arm64, r-oldrel-macos-x86_64