CRAN Package Check Results for Package qwraps2

Last updated on 2022-08-14 00:54:29 CEST.

Flavor Version Tinstall Tcheck Ttotal Status Flags
r-devel-linux-x86_64-debian-clang 0.5.2 39.78 112.53 152.31 NOTE
r-devel-linux-x86_64-debian-gcc 0.5.2 30.03 82.02 112.05 NOTE
r-devel-linux-x86_64-fedora-clang 0.5.2 213.00 NOTE
r-devel-linux-x86_64-fedora-gcc 0.5.2 197.34 NOTE
r-devel-windows-x86_64 0.5.2 55.00 174.00 229.00 NOTE
r-patched-linux-x86_64 0.5.2 32.74 102.78 135.52 OK
r-release-linux-x86_64 0.5.2 34.05 104.06 138.11 OK
r-release-macos-arm64 0.5.2 67.00 OK
r-release-macos-x86_64 0.5.2 113.00 OK
r-release-windows-x86_64 0.5.2 67.00 163.00 230.00 OK
r-oldrel-macos-arm64 0.5.2 89.00 OK
r-oldrel-macos-x86_64 0.5.2 92.00 OK
r-oldrel-windows-ix86+x86_64 0.5.2 95.00 193.00 288.00 OK

Check Details

Version: 0.5.2
Check: Rd files
Result: NOTE
    checkRd: (-1) qwraps2.Rd:73: Escaped LaTeX specials: \&
Flavors: r-devel-linux-x86_64-debian-clang, r-devel-linux-x86_64-debian-gcc, r-devel-linux-x86_64-fedora-clang, r-devel-linux-x86_64-fedora-gcc, r-devel-windows-x86_64