CRAN Package Check Results for Package quiddich

Last updated on 2023-10-03 13:07:42 CEST.

Flavor Version Tinstall Tcheck Ttotal Status Flags
r-devel-linux-x86_64-debian-clang 1.0.0 3.78 42.97 46.75 NOTE
r-devel-linux-x86_64-debian-gcc 1.0.0 2.52 32.80 35.32 NOTE
r-devel-linux-x86_64-fedora-clang 1.0.0 57.76 NOTE
r-devel-linux-x86_64-fedora-gcc 1.0.0 54.27 NOTE
r-devel-windows-x86_64 1.0.0 4.00 53.00 57.00 NOTE
r-patched-linux-x86_64 1.0.0 2.54 41.74 44.28 NOTE
r-release-linux-x86_64 1.0.0 2.40 41.65 44.05 NOTE
r-release-macos-arm64 1.0.0 22.00 NOTE
r-release-macos-x86_64 1.0.0 30.00 NOTE
r-release-windows-x86_64 1.0.0 6.00 57.00 63.00 NOTE
r-oldrel-macos-arm64 1.0.0 20.00 NOTE
r-oldrel-macos-x86_64 1.0.0 31.00 NOTE
r-oldrel-windows-x86_64 1.0.0 5.00 61.00 66.00 NOTE

Check Details

Version: 1.0.0
Check: LazyData
Result: NOTE
     'LazyData' is specified without a 'data' directory
Flavors: r-devel-linux-x86_64-debian-clang, r-devel-linux-x86_64-debian-gcc, r-devel-linux-x86_64-fedora-clang, r-devel-linux-x86_64-fedora-gcc, r-devel-windows-x86_64, r-patched-linux-x86_64, r-release-linux-x86_64, r-release-macos-arm64, r-release-macos-x86_64, r-release-windows-x86_64, r-oldrel-macos-arm64, r-oldrel-macos-x86_64, r-oldrel-windows-x86_64