CRAN Package Check Results for Package quiddich

Last updated on 2022-09-30 12:55:17 CEST.

Flavor Version Tinstall Tcheck Ttotal Status Flags
r-devel-linux-x86_64-debian-clang 1.0.0 2.88 44.04 46.92 NOTE
r-devel-linux-x86_64-debian-gcc 1.0.0 2.65 34.11 36.76 NOTE
r-devel-linux-x86_64-fedora-clang 1.0.0 69.27 NOTE
r-devel-linux-x86_64-fedora-gcc 1.0.0 65.00 NOTE
r-devel-windows-x86_64 1.0.0 10.00 71.00 81.00 NOTE
r-patched-linux-x86_64 1.0.0 2.43 41.75 44.18 NOTE
r-release-linux-x86_64 1.0.0 3.05 42.32 45.37 NOTE
r-release-macos-arm64 1.0.0 20.00 NOTE
r-release-macos-x86_64 1.0.0 31.00 NOTE
r-release-windows-x86_64 1.0.0 14.00 68.00 82.00 NOTE
r-oldrel-macos-arm64 1.0.0 25.00 NOTE
r-oldrel-macos-x86_64 1.0.0 39.00 NOTE
r-oldrel-windows-ix86+x86_64 1.0.0 8.00 67.00 75.00 NOTE

Check Details

Version: 1.0.0
Check: LazyData
Result: NOTE
     'LazyData' is specified without a 'data' directory
Flavors: r-devel-linux-x86_64-debian-clang, r-devel-linux-x86_64-debian-gcc, r-devel-linux-x86_64-fedora-clang, r-devel-linux-x86_64-fedora-gcc, r-devel-windows-x86_64, r-patched-linux-x86_64, r-release-linux-x86_64, r-release-macos-arm64, r-release-macos-x86_64, r-release-windows-x86_64, r-oldrel-macos-arm64, r-oldrel-macos-x86_64, r-oldrel-windows-ix86+x86_64