Last updated on 2022-06-28 21:51:29 CEST.
Flavor | Version | Tinstall | Tcheck | Ttotal | Status | Flags |
---|---|---|---|---|---|---|
r-devel-linux-x86_64-debian-clang | 0.2 | 2.54 | 24.12 | 26.66 | NOTE | |
r-devel-linux-x86_64-debian-gcc | 0.2 | 1.96 | 19.13 | 21.09 | NOTE | |
r-devel-linux-x86_64-fedora-clang | 0.2 | 43.67 | NOTE | |||
r-devel-linux-x86_64-fedora-gcc | 0.2 | 42.11 | NOTE | |||
r-devel-windows-x86_64 | 0.2 | 19.00 | 52.00 | 71.00 | NOTE | |
r-patched-linux-x86_64 | 0.2 | 2.02 | 23.42 | 25.44 | NOTE | |
r-release-linux-x86_64 | 0.2 | 2.14 | 23.84 | 25.98 | NOTE | |
r-release-macos-arm64 | 0.2 | 17.00 | NOTE | |||
r-release-macos-x86_64 | 0.2 | 29.00 | NOTE | |||
r-release-windows-x86_64 | 0.2 | 12.00 | 48.00 | 60.00 | NOTE | |
r-oldrel-macos-arm64 | 0.2 | 27.00 | NOTE | |||
r-oldrel-macos-x86_64 | 0.2 | 41.00 | NOTE | |||
r-oldrel-windows-ix86+x86_64 | 0.2 | 6.00 | 43.00 | 49.00 | NOTE |
Version: 0.2
Check: LazyData
Result: NOTE
'LazyData' is specified without a 'data' directory
Flavors: r-devel-linux-x86_64-debian-clang, r-devel-linux-x86_64-debian-gcc, r-devel-linux-x86_64-fedora-clang, r-devel-linux-x86_64-fedora-gcc, r-devel-windows-x86_64, r-patched-linux-x86_64, r-release-linux-x86_64, r-release-macos-arm64, r-release-macos-x86_64, r-release-windows-x86_64, r-oldrel-macos-arm64, r-oldrel-macos-x86_64, r-oldrel-windows-ix86+x86_64