CRAN Package Check Results for Package quickPlot

Last updated on 2022-12-07 00:57:30 CET.

Flavor Version Tinstall Tcheck Ttotal Status Flags
r-devel-linux-x86_64-debian-clang 0.1.8 42.00 396.03 438.03 NOTE
r-devel-linux-x86_64-debian-gcc 0.1.8 33.90 290.75 324.65 NOTE
r-devel-linux-x86_64-fedora-clang 0.1.8 569.21 NOTE
r-devel-linux-x86_64-fedora-gcc 0.1.8 541.82 NOTE
r-devel-windows-x86_64 0.1.8 80.00 383.00 463.00 NOTE
r-patched-linux-x86_64 0.1.8 54.56 385.09 439.65 NOTE
r-release-linux-x86_64 0.1.8 37.93 378.87 416.80 NOTE
r-release-macos-arm64 0.1.8 120.00 NOTE
r-release-macos-x86_64 0.1.8 162.00 NOTE
r-release-windows-x86_64 0.1.8 83.00 378.00 461.00 NOTE
r-oldrel-macos-arm64 0.1.8 104.00 NOTE
r-oldrel-macos-x86_64 0.1.8 159.00 NOTE
r-oldrel-windows-ix86+x86_64 0.1.8 93.00 387.00 480.00 NOTE

Check Details

Version: 0.1.8
Check: package dependencies
Result: NOTE
    Packages suggested but not available for checking: 'fastshp', 'visualTest'
Flavors: r-devel-linux-x86_64-debian-clang, r-devel-linux-x86_64-debian-gcc, r-devel-linux-x86_64-fedora-clang, r-devel-linux-x86_64-fedora-gcc, r-devel-windows-x86_64, r-patched-linux-x86_64, r-release-linux-x86_64, r-release-macos-arm64, r-release-macos-x86_64, r-release-windows-x86_64, r-oldrel-macos-arm64, r-oldrel-macos-x86_64, r-oldrel-windows-ix86+x86_64