Last updated on 2022-06-26 12:54:55 CEST.
Flavor | Version | Tinstall | Tcheck | Ttotal | Status | Flags |
---|---|---|---|---|---|---|
r-devel-linux-x86_64-debian-clang | 0.1.0 | 3.79 | 42.70 | 46.49 | OK | |
r-devel-linux-x86_64-debian-gcc | 0.1.0 | 2.65 | 32.47 | 35.12 | OK | |
r-devel-linux-x86_64-fedora-clang | 0.1.0 | 68.30 | NOTE | |||
r-devel-linux-x86_64-fedora-gcc | 0.1.0 | 67.94 | NOTE | |||
r-devel-windows-x86_64 | 0.1.0 | 23.00 | 79.00 | 102.00 | OK | |
r-patched-linux-x86_64 | 0.1.0 | 12.93 | 40.94 | 53.87 | OK | |
r-release-linux-x86_64 | 0.1.0 | 2.92 | 41.05 | 43.97 | OK | |
r-release-macos-arm64 | 0.1.0 | 24.00 | NOTE | |||
r-release-macos-x86_64 | 0.1.0 | 44.00 | NOTE | |||
r-release-windows-x86_64 | 0.1.0 | 23.00 | 74.00 | 97.00 | OK | |
r-oldrel-macos-arm64 | 0.1.0 | 26.00 | NOTE | |||
r-oldrel-macos-x86_64 | 0.1.0 | 33.00 | NOTE | |||
r-oldrel-windows-ix86+x86_64 | 0.1.0 | 11.00 | 68.00 | 79.00 | OK |
Version: 0.1.0
Check: dependencies in R code
Result: NOTE
Namespaces in Imports field not imported from:
‘psych’ ‘psychTools’
All declared Imports should be used.
Flavors: r-devel-linux-x86_64-fedora-clang, r-devel-linux-x86_64-fedora-gcc, r-release-macos-arm64, r-release-macos-x86_64, r-oldrel-macos-arm64, r-oldrel-macos-x86_64
Version: 0.1.0
Check: Rd cross-references
Result: NOTE
Undeclared package ‘reshape’ in Rd xrefs
Flavor: r-devel-linux-x86_64-fedora-clang