CRAN Package Check Results for Package quanteda.textstats

Last updated on 2024-06-13 00:55:28 CEST.

Flavor Version Tinstall Tcheck Ttotal Status Flags
r-devel-linux-x86_64-debian-clang 0.97 87.64 180.06 267.70 OK
r-devel-linux-x86_64-debian-gcc 0.97 63.43 84.65 148.08 ERROR
r-devel-linux-x86_64-fedora-clang 0.97 337.98 OK
r-devel-linux-x86_64-fedora-gcc 0.97 335.54 OK
r-devel-windows-x86_64 0.97 63.00 161.00 224.00 OK
r-patched-linux-x86_64 0.97 83.62 173.28 256.90 OK
r-release-linux-x86_64 0.97 84.15 171.81 255.96 OK
r-release-macos-arm64 0.97 86.00 OK
r-release-macos-x86_64 0.97 153.00 OK
r-release-windows-x86_64 0.97 64.00 164.00 228.00 OK
r-oldrel-macos-arm64 0.97 90.00 OK
r-oldrel-macos-x86_64 0.97 179.00 OK
r-oldrel-windows-x86_64 0.97 80.00 207.00 287.00 OK

Check Details

Version: 0.97
Check: package dependencies
Result: NOTE Package suggested but not available for checking: ‘testthat’ Flavor: r-devel-linux-x86_64-debian-gcc

Version: 0.97
Check: tests
Result: ERROR Running ‘spelling.R’ [0s/0s] Running ‘testthat.R’ [0s/0s] Running the tests in ‘tests/testthat.R’ failed. Complete output: > Sys.setenv("R_TESTS" = "") > Sys.setenv("_R_CHECK_LENGTH_1_CONDITION_" = TRUE) > > library("testthat") Error in library("testthat") : there is no package called 'testthat' Execution halted Flavor: r-devel-linux-x86_64-debian-gcc