CRAN Package Check Results for Package quanteda.textmodels

Last updated on 2022-08-10 12:56:25 CEST.

Flavor Version Tinstall Tcheck Ttotal Status Flags
r-devel-linux-x86_64-debian-clang 0.9.4 132.27 295.37 427.64 OK
r-devel-linux-x86_64-debian-gcc 0.9.4 109.48 223.17 332.65 OK
r-devel-linux-x86_64-fedora-clang 0.9.4 566.17 NOTE
r-devel-linux-x86_64-fedora-gcc 0.9.4 577.88 NOTE
r-devel-windows-x86_64 0.9.4 251.00 418.00 669.00 NOTE
r-patched-linux-x86_64 0.9.4 125.71 286.81 412.52 OK
r-release-linux-x86_64 0.9.4 OK
r-release-macos-arm64 0.9.4 165.00 NOTE
r-release-macos-x86_64 0.9.4 251.00 NOTE
r-release-windows-x86_64 0.9.4 203.00 501.00 704.00 NOTE
r-oldrel-macos-arm64 0.9.4 245.00 NOTE
r-oldrel-macos-x86_64 0.9.4 531.00 NOTE
r-oldrel-windows-ix86+x86_64 0.9.4 307.00 445.00 752.00 NOTE

Check Details

Version: 0.9.4
Check: installed package size
Result: NOTE
     installed size is 5.0Mb
     sub-directories of 1Mb or more:
     data 3.9Mb
Flavors: r-devel-linux-x86_64-fedora-clang, r-devel-windows-x86_64, r-release-macos-arm64, r-release-macos-x86_64, r-release-windows-x86_64, r-oldrel-macos-arm64, r-oldrel-macos-x86_64, r-oldrel-windows-ix86+x86_64

Version: 0.9.4
Check: data for non-ASCII characters
Result: NOTE
     Note: found 35707 marked UTF-8 strings
Flavors: r-devel-linux-x86_64-fedora-clang, r-devel-linux-x86_64-fedora-gcc, r-release-macos-arm64, r-release-macos-x86_64, r-oldrel-macos-arm64, r-oldrel-macos-x86_64