CRAN Package Check Results for Package quanteda

Last updated on 2020-07-14 13:51:23 CEST.

Flavor Version Tinstall Tcheck Ttotal Status Flags
r-devel-linux-x86_64-debian-clang 2.1.0 294.32 408.67 702.99 OK
r-devel-linux-x86_64-debian-gcc 2.1.0 239.99 308.74 548.73 OK
r-devel-linux-x86_64-fedora-clang 2.1.0 1004.54 NOTE
r-devel-linux-x86_64-fedora-gcc 2.1.0 913.48 NOTE
r-devel-windows-ix86+x86_64 2.1.0 767.00 681.00 1448.00 NOTE
r-patched-linux-x86_64 2.1.0 248.05 391.68 639.73 OK
r-patched-solaris-x86 2.1.0 837.20 ERROR
r-release-linux-x86_64 2.1.0 249.04 398.40 647.44 OK
r-release-macos-x86_64 2.1.0 ERROR
r-release-windows-ix86+x86_64 2.1.0 749.00 895.00 1644.00 NOTE
r-oldrel-macos-x86_64 2.1.0 NOTE
r-oldrel-windows-ix86+x86_64 2.1.0 657.00 859.00 1516.00 NOTE

Check Details

Version: 2.1.0
Check: installed package size
Result: NOTE
     installed size is 17.2Mb
     sub-directories of 1Mb or more:
     R 1.1Mb
     libs 13.9Mb
Flavors: r-devel-linux-x86_64-fedora-clang, r-devel-windows-ix86+x86_64, r-release-windows-ix86+x86_64, r-oldrel-macos-x86_64, r-oldrel-windows-ix86+x86_64

Version: 2.1.0
Check: data for non-ASCII characters
Result: NOTE
     Note: found 3 marked UTF-8 strings
Flavors: r-devel-linux-x86_64-fedora-clang, r-devel-linux-x86_64-fedora-gcc, r-patched-solaris-x86, r-oldrel-macos-x86_64

Version: 2.1.0
Check: examples
Result: ERROR
    Running examples in ‘quanteda-Ex.R’ failed
    The error most likely occurred in:
    
    > ### Name: corpus-class
    > ### Title: Base method extensions for corpus objects
    > ### Aliases: corpus-class is.corpus +.corpus c.corpus [.corpus
    > ### print.summary.corpus
    > ### Keywords: corpus internal
    >
    > ### ** Examples
    >
    > # concatenate corpus objects
    > corp1 <- corpus(data_char_ukimmig2010[1:2])
    > corp2 <- corpus(data_char_ukimmig2010[3:4])
    > corp3 <- corpus(data_char_ukimmig2010[5:6])
    > summary(c(corp1, corp2, corp3))
    Error in h(simpleError(msg, call)) :
     error in evaluating the argument 'x' in selecting a method for function 'as.list': error in evaluating the argument 'x' in selecting a method for function 'which': Start of codes indicating failure. (U_ILLEGAL_ARGUMENT_ERROR)
    Calls: summary ... stri_detect_regex -> .handleSimpleError -> h -> .handleSimpleError -> h
    Execution halted
Flavor: r-patched-solaris-x86

Version: 2.1.0
Check: for unstated dependencies in ‘tests’
Result: WARN
    Warning in deparse(e[[2L]]) :
     it is not known that wchar_t is Unicode on this platform
    Warning in deparse(e[[2L]]) :
     it is not known that wchar_t is Unicode on this platform
    Warning in deparse(e[[2L]]) :
     it is not known that wchar_t is Unicode on this platform
    Warning in deparse(e[[2L]]) :
     it is not known that wchar_t is Unicode on this platform
    Warning in deparse(e[[2L]]) :
     it is not known that wchar_t is Unicode on this platform
    Warning in deparse(e[[2L]]) :
     it is not known that wchar_t is Unicode on this platform
    Warning in deparse(e[[2L]]) :
     it is not known that wchar_t is Unicode on this platform
    Warning in deparse(e[[2L]]) :
     it is not known that wchar_t is Unicode on this platform
    Warning in deparse(e[[2L]]) :
     it is not known that wchar_t is Unicode on this platform
    Warning in deparse(e[[2L]]) :
     it is not known that wchar_t is Unicode on this platform
    Warning in deparse(e[[2L]]) :
     it is not known that wchar_t is Unicode on this platform
    Warning in deparse(e[[2L]]) :
     it is not known that wchar_t is Unicode on this platform
    Warning in deparse(e[[2L]]) :
     it is not known that wchar_t is Unicode on this platform
    Warning in deparse(e[[2L]]) :
     it is not known that wchar_t is Unicode on this platform
    Warning in deparse(e[[2L]]) :
     it is not known that wchar_t is Unicode on this platform
    Warning in deparse(e[[2L]]) :
     it is not known that wchar_t is Unicode on this platform
    Warning in deparse(e[[2L]]) :
     it is not known that wchar_t is Unicode on this platform
    Warning in deparse(e[[2L]]) :
     it is not known that wchar_t is Unicode on this platform
    Warning in deparse(e[[2L]]) :
     it is not known that wchar_t is Unicode on this platform
    Warning in deparse(e[[2L]]) :
     it is not known that wchar_t is Unicode on this platform
    Warning in deparse(e[[2L]]) :
     it is not known that wchar_t is Unicode on this platform
    Warning in deparse(e[[2L]]) :
     it is not known that wchar_t is Unicode on this platform
Flavor: r-patched-solaris-x86

Version: 2.1.0
Check: tests
Result: ERROR
     Running ‘spelling.R’
     Running ‘testthat.R’ [275s/253s]
    Running the tests in ‘tests/testthat.R’ failed.
    Complete output:
     > Sys.setenv("R_TESTS" = "")
     >
     > library(testthat)
     > library(quanteda)
     Package version: 2.1.0
     Parallel computing: 2 of 16 threads used.
     See https://quanteda.io for tutorials and examples.
    
     Attaching package: 'quanteda'
    
     The following object is masked from 'package:utils':
    
     View
    
     >
     > Sys.setenv("_R_CHECK_LENGTH_1_CONDITION_" = TRUE)
     >
     > ops <- quanteda_options()
     > quanteda_options(reset = TRUE)
     >
     > test_check("quanteda")
     ── 1. Error: corpus_segment works with blank before tag (@test-corpus_segment.R#
     error in evaluating the argument 'x' in selecting a method for function 'as.list': error in evaluating the argument 'x' in selecting a method for function 'which': Start of codes indicating failure. (U_ILLEGAL_ARGUMENT_ERROR)
     Backtrace:
     1. base::summary(corp_seg)
     18. base::.handleSimpleError(...)
     19. base:::h(simpleError(msg, call))
    
     ── 2. Error: adding summary info works (@test-meta.R#126) ─────────────────────
     error in evaluating the argument 'x' in selecting a method for function 'as.list': error in evaluating the argument 'x' in selecting a method for function 'which': Start of codes indicating failure. (U_ILLEGAL_ARGUMENT_ERROR)
     Backtrace:
     1. quanteda:::add_summary_metadata(corp)
     19. base::.handleSimpleError(...)
     20. base:::h(simpleError(msg, call))
    
     ── 3. Error: adding extended summary information works (@test-meta.R#181) ─────
     error in evaluating the argument 'x' in selecting a method for function 'as.list': error in evaluating the argument 'x' in selecting a method for function 'which': Start of codes indicating failure. (U_ILLEGAL_ARGUMENT_ERROR)
     Backtrace:
     1. quanteda:::add_summary_metadata(corp, extended = TRUE)
     19. base::.handleSimpleError(...)
     20. base:::h(simpleError(msg, call))
    
     ── 4. Error: textstat_summary method works (@test-textstat_summary.R#12) ──────
     error in evaluating the argument 'x' in selecting a method for function 'as.list': error in evaluating the argument 'x' in selecting a method for function 'which': Start of codes indicating failure. (U_ILLEGAL_ARGUMENT_ERROR)
     Backtrace:
     1. quanteda::textstat_summary(corp, cache = FALSE)
     15. base::.handleSimpleError(...)
     16. base:::h(simpleError(msg, call))
    
     ── 5. Error: summary chache counts hashtag and emoji correctly (@test-textstat_s
     error in evaluating the argument 'x' in selecting a method for function 'as.list': error in evaluating the argument 'x' in selecting a method for function 'which': Start of codes indicating failure. (U_ILLEGAL_ARGUMENT_ERROR)
     Backtrace:
     1. quanteda::textstat_summary(toks, cache = FALSE)
     15. base::.handleSimpleError(...)
     16. base:::h(simpleError(msg, call))
    
     ── 6. Error: textstat_summary chaching is working (@test-textstat_summary.R#95)
     error in evaluating the argument 'x' in selecting a method for function 'as.list': error in evaluating the argument 'x' in selecting a method for function 'which': Start of codes indicating failure. (U_ILLEGAL_ARGUMENT_ERROR)
     Backtrace:
     1. quanteda::textstat_summary(corp, cache = TRUE)
     15. base::.handleSimpleError(...)
     16. base:::h(simpleError(msg, call))
    
     ── 7. Error: summary chache is updated (@test-textstat_summary.R#121) ─────────
     error in evaluating the argument 'x' in selecting a method for function 'as.list': error in evaluating the argument 'x' in selecting a method for function 'which': Start of codes indicating failure. (U_ILLEGAL_ARGUMENT_ERROR)
     Backtrace:
     1. quanteda::textstat_summary(...)
     15. base::.handleSimpleError(...)
     16. base:::h(simpleError(msg, call))
    
     ══ testthat results ═══════════════════════════════════════════════════════════
     [ OK: 3028 | SKIPPED: 21 | WARNINGS: 17 | FAILED: 7 ]
     1. Error: corpus_segment works with blank before tag (@test-corpus_segment.R#55)
     2. Error: adding summary info works (@test-meta.R#126)
     3. Error: adding extended summary information works (@test-meta.R#181)
     4. Error: textstat_summary method works (@test-textstat_summary.R#12)
     5. Error: summary chache counts hashtag and emoji correctly (@test-textstat_summary.R#85)
     6. Error: textstat_summary chaching is working (@test-textstat_summary.R#95)
     7. Error: summary chache is updated (@test-textstat_summary.R#121)
    
     Error: testthat unit tests failed
     Execution halted
Flavor: r-patched-solaris-x86

Version: 2.1.0
Check: re-building of vignette outputs
Result: WARN
    Error(s) in re-building vignettes:
     ...
    --- re-building ‘quickstart.Rmd’ using rmarkdown
    Warning in engine$weave(file, quiet = quiet, encoding = enc) :
     Pandoc (>= 1.12.3) and/or pandoc-citeproc not available. Falling back to R Markdown v1.
    Package version: 2.1.0
    Parallel computing: 2 of 16 threads used.
    See https://quanteda.io for tutorials and examples.
    
    Attaching package: 'quanteda'
    
    The following object is masked from 'package:utils':
    
     View
    
    Quitting from lines 74-76 (quickstart.Rmd)
    Error: processing vignette 'quickstart.Rmd' failed with diagnostics:
    error in evaluating the argument 'x' in selecting a method for function 'as.list': error in evaluating the argument 'x' in selecting a method for function 'which': Start of codes indicating failure. (U_ILLEGAL_ARGUMENT_ERROR)
    --- failed re-building ‘quickstart.Rmd’
    
    SUMMARY: processing the following file failed:
     ‘quickstart.Rmd’
    
    Error: Vignette re-building failed.
    Execution halted
Flavor: r-patched-solaris-x86

Version: 2.1.0
Check: whether package can be installed
Result: ERROR
    Installation failed.
Flavor: r-release-macos-x86_64