CRAN Package Check Results for Package qualpalr

Last updated on 2022-10-07 12:55:10 CEST.

Flavor Version Tinstall Tcheck Ttotal Status Flags
r-devel-linux-x86_64-debian-clang 0.4.3 30.88 44.59 75.47 NOTE
r-devel-linux-x86_64-debian-gcc 0.4.3 26.61 34.90 61.51 NOTE
r-devel-linux-x86_64-fedora-clang 0.4.3 120.07 NOTE
r-devel-linux-x86_64-fedora-gcc 0.4.3 109.70 NOTE
r-devel-windows-x86_64 0.4.3 44.00 104.00 148.00 NOTE
r-patched-linux-x86_64 0.4.3 29.27 42.32 71.59 NOTE
r-release-linux-x86_64 0.4.3 30.08 43.53 73.61 NOTE
r-release-macos-arm64 0.4.3 33.00 NOTE
r-release-macos-x86_64 0.4.3 45.00 NOTE
r-release-windows-x86_64 0.4.3 44.00 93.00 137.00 NOTE
r-oldrel-macos-arm64 0.4.3 35.00 NOTE
r-oldrel-macos-x86_64 0.4.3 52.00 NOTE
r-oldrel-windows-ix86+x86_64 0.4.3 88.00 100.00 188.00 NOTE

Check Details

Version: 0.4.3
Check: LazyData
Result: NOTE
     'LazyData' is specified without a 'data' directory
Flavors: r-devel-linux-x86_64-debian-clang, r-devel-linux-x86_64-debian-gcc, r-devel-linux-x86_64-fedora-clang, r-devel-linux-x86_64-fedora-gcc, r-devel-windows-x86_64, r-patched-linux-x86_64, r-release-linux-x86_64, r-release-macos-arm64, r-release-macos-x86_64, r-release-windows-x86_64, r-oldrel-macos-arm64, r-oldrel-macos-x86_64, r-oldrel-windows-ix86+x86_64

Version: 0.4.3
Check: for GNU extensions in Makefiles
Result: NOTE
    GNU make is a SystemRequirements.
Flavors: r-devel-linux-x86_64-debian-clang, r-devel-linux-x86_64-debian-gcc, r-devel-linux-x86_64-fedora-clang, r-devel-linux-x86_64-fedora-gcc, r-devel-windows-x86_64, r-patched-linux-x86_64, r-release-linux-x86_64, r-release-macos-arm64, r-release-macos-x86_64, r-release-windows-x86_64, r-oldrel-macos-arm64, r-oldrel-macos-x86_64, r-oldrel-windows-ix86+x86_64