CRAN Package Check Results for Package qtl2pattern

Last updated on 2022-08-15 19:51:25 CEST.

Flavor Version Tinstall Tcheck Ttotal Status Flags
r-devel-linux-x86_64-debian-clang 1.2.0 11.47 103.00 114.47 OK
r-devel-linux-x86_64-debian-gcc 1.2.0 7.39 76.03 83.42 OK
r-devel-linux-x86_64-fedora-clang 1.2.0 140.80 NOTE
r-devel-linux-x86_64-fedora-gcc 1.2.0 136.23 NOTE
r-devel-windows-x86_64 1.2.0 27.00 125.00 152.00 OK
r-patched-linux-x86_64 1.2.0 10.37 94.31 104.68 OK
r-release-linux-x86_64 1.2.0 11.10 95.91 107.01 OK
r-release-macos-arm64 1.2.0 48.00 NOTE
r-release-macos-x86_64 1.2.0 79.00 NOTE
r-release-windows-x86_64 1.2.0 48.00 135.00 183.00 OK
r-oldrel-macos-arm64 1.2.0 45.00 NOTE
r-oldrel-macos-x86_64 1.2.0 54.00 NOTE
r-oldrel-windows-ix86+x86_64 1.2.0 22.00 121.00 143.00 OK

Check Details

Version: 1.2.0
Check: dependencies in R code
Result: NOTE
    Namespaces in Imports field not imported from:
     ‘RColorBrewer’ ‘purrr’
     All declared Imports should be used.
Flavors: r-devel-linux-x86_64-fedora-clang, r-devel-linux-x86_64-fedora-gcc, r-release-macos-arm64, r-release-macos-x86_64, r-oldrel-macos-arm64, r-oldrel-macos-x86_64