CRAN Package Check Results for Package qst

Last updated on 2022-10-06 01:49:56 CEST.

Flavor Version Tinstall Tcheck Ttotal Status Flags
r-devel-linux-x86_64-debian-clang 0.1.2 6.23 53.97 60.20 NOTE
r-devel-linux-x86_64-debian-gcc 0.1.2 5.29 39.88 45.17 NOTE
r-devel-linux-x86_64-fedora-clang 0.1.2 85.46 NOTE
r-devel-linux-x86_64-fedora-gcc 0.1.2 79.63 NOTE
r-devel-windows-x86_64 0.1.2 11.00 73.00 84.00 NOTE
r-patched-linux-x86_64 0.1.2 6.40 49.54 55.94 NOTE
r-release-linux-x86_64 0.1.2 5.69 50.15 55.84 NOTE
r-release-macos-arm64 0.1.2 23.00 NOTE
r-release-macos-x86_64 0.1.2 41.00 NOTE
r-release-windows-x86_64 0.1.2 11.00 76.00 87.00 NOTE
r-oldrel-macos-arm64 0.1.2 26.00 NOTE
r-oldrel-macos-x86_64 0.1.2 33.00 NOTE
r-oldrel-windows-ix86+x86_64 0.1.2 15.00 74.00 89.00 NOTE

Check Details

Version: 0.1.2
Check: LazyData
Result: NOTE
     'LazyData' is specified without a 'data' directory
Flavors: r-devel-linux-x86_64-debian-clang, r-devel-linux-x86_64-debian-gcc, r-devel-linux-x86_64-fedora-clang, r-devel-linux-x86_64-fedora-gcc, r-devel-windows-x86_64, r-patched-linux-x86_64, r-release-linux-x86_64, r-release-macos-arm64, r-release-macos-x86_64, r-release-windows-x86_64, r-oldrel-macos-arm64, r-oldrel-macos-x86_64, r-oldrel-windows-ix86+x86_64