CRAN Package Check Results for Package qsort

Last updated on 2022-08-15 19:51:25 CEST.

Flavor Version Tinstall Tcheck Ttotal Status Flags
r-devel-linux-x86_64-debian-clang 0.2.3 5.79 59.24 65.03 OK
r-devel-linux-x86_64-debian-gcc 0.2.3 4.23 44.01 48.24 OK
r-devel-linux-x86_64-fedora-clang 0.2.3 86.40 NOTE
r-devel-linux-x86_64-fedora-gcc 0.2.3 84.74 NOTE
r-devel-windows-x86_64 0.2.3 10.00 84.00 94.00 OK
r-patched-linux-x86_64 0.2.3 5.00 54.64 59.64 OK
r-release-linux-x86_64 0.2.3 5.54 55.57 61.11 OK
r-release-macos-arm64 0.2.3 27.00 NOTE
r-release-macos-x86_64 0.2.3 49.00 NOTE
r-release-windows-x86_64 0.2.3 12.00 84.00 96.00 OK
r-oldrel-macos-arm64 0.2.3 28.00 NOTE
r-oldrel-macos-x86_64 0.2.3 39.00 NOTE
r-oldrel-windows-ix86+x86_64 0.2.3 15.00 80.00 95.00 OK

Check Details

Version: 0.2.3
Check: data for non-ASCII characters
Result: NOTE
     Note: found 6 marked UTF-8 strings
Flavors: r-devel-linux-x86_64-fedora-clang, r-devel-linux-x86_64-fedora-gcc, r-release-macos-arm64, r-release-macos-x86_64, r-oldrel-macos-arm64, r-oldrel-macos-x86_64