CRAN Package Check Results for Package qs

Last updated on 2020-05-27 01:48:42 CEST.

Flavor Version Tinstall Tcheck Ttotal Status Flags
r-devel-linux-x86_64-debian-clang 0.21.2 61.27 33.80 95.07 OK
r-devel-linux-x86_64-debian-gcc 0.21.2 52.75 27.10 79.85 OK
r-devel-linux-x86_64-fedora-clang 0.21.2 137.76 NOTE
r-devel-linux-x86_64-fedora-gcc 0.21.2 125.27 OK
r-devel-windows-ix86+x86_64 0.21.2 231.00 97.00 328.00 NOTE
r-patched-linux-x86_64 0.21.2 52.83 33.46 86.29 OK
r-patched-solaris-x86 0.21.2 152.30 OK
r-release-linux-x86_64 0.21.2 52.70 33.55 86.25 OK
r-release-osx-x86_64 0.21.2 NOTE
r-release-windows-ix86+x86_64 0.21.2 179.00 98.00 277.00 NOTE
r-oldrel-osx-x86_64 0.21.2 WARN
r-oldrel-windows-ix86+x86_64 0.21.2 246.00 78.00 324.00 NOTE

Check Details

Version: 0.21.2
Check: installed package size
Result: NOTE
     installed size is 8.4Mb
     sub-directories of 1Mb or more:
     libs 7.3Mb
Flavors: r-devel-linux-x86_64-fedora-clang, r-devel-windows-ix86+x86_64, r-release-osx-x86_64, r-release-windows-ix86+x86_64, r-oldrel-osx-x86_64, r-oldrel-windows-ix86+x86_64

Version: 0.21.2
Check: for executable files
Result: WARN
    Found the following executable file:
     src/LICENSES/LZ4_LICENSE.txt
    Source packages should not contain undeclared executable files.
    See section ‘Package structure’ in the ‘Writing R Extensions’ manual.
Flavor: r-oldrel-osx-x86_64