CRAN Package Check Results for Package qrmtools

Last updated on 2022-10-07 21:51:15 CEST.

Flavor Version Tinstall Tcheck Ttotal Status Flags
r-devel-linux-x86_64-debian-clang 0.0-16 13.87 209.90 223.77 OK
r-devel-linux-x86_64-debian-gcc 0.0-16 13.10 162.90 176.00 NOTE
r-devel-linux-x86_64-fedora-clang 0.0-16 289.62 OK
r-devel-linux-x86_64-fedora-gcc 0.0-16 286.70 OK
r-devel-windows-x86_64 0.0-16 48.00 275.00 323.00 OK
r-patched-linux-x86_64 0.0-16 18.70 208.06 226.76 OK
r-release-linux-x86_64 0.0-16 16.96 209.39 226.35 OK
r-release-macos-arm64 0.0-16 85.00 OK
r-release-macos-x86_64 0.0-16 122.00 OK
r-release-windows-x86_64 0.0-16 23.00 264.00 287.00 OK
r-oldrel-macos-arm64 0.0-16 77.00 OK
r-oldrel-macos-x86_64 0.0-16 137.00 OK
r-oldrel-windows-ix86+x86_64 0.0-16 34.00 336.00 370.00 OK

Check Details

Version: 0.0-16
Check: compilation flags used
Result: NOTE
    Compilation used the following non-portable flag(s):
     ‘-Wstrict-prototypes’
Flavor: r-devel-linux-x86_64-debian-gcc