CRAN Package Check Results for Package qmix

Last updated on 2020-10-21 13:50:02 CEST.

Flavor Version Tinstall Tcheck Ttotal Status Flags
r-devel-linux-x86_64-debian-clang 0.1.2.0 681.93 111.98 793.91 NOTE
r-devel-linux-x86_64-debian-gcc 0.1.2.0 633.91 110.71 744.62 NOTE
r-devel-linux-x86_64-fedora-clang 0.1.2.0 1120.36 NOTE
r-devel-linux-x86_64-fedora-gcc 0.1.2.0 1216.93 NOTE
r-devel-windows-ix86+x86_64 0.1.2.0 1453.00 284.00 1737.00 NOTE
r-patched-linux-x86_64 0.1.2.0 637.14 133.31 770.45 NOTE
r-patched-solaris-x86 0.1.2.0 949.40 NOTE
r-release-linux-x86_64 0.1.2.0 715.73 135.79 851.52 NOTE
r-release-macos-x86_64 0.1.2.0 NOTE
r-release-windows-ix86+x86_64 0.1.2.0 1284.00 202.00 1486.00 NOTE
r-oldrel-macos-x86_64 0.1.2.0 NOTE
r-oldrel-windows-ix86+x86_64 0.1.2.0 1407.00 229.00 1636.00 NOTE

Check Details

Version: 0.1.2.0
Check: for GNU extensions in Makefiles
Result: NOTE
    GNU make is a SystemRequirements.
Flavors: r-devel-linux-x86_64-debian-clang, r-devel-linux-x86_64-debian-gcc, r-devel-linux-x86_64-fedora-clang, r-devel-linux-x86_64-fedora-gcc, r-devel-windows-ix86+x86_64, r-patched-linux-x86_64, r-patched-solaris-x86, r-release-linux-x86_64, r-release-macos-x86_64, r-release-windows-ix86+x86_64, r-oldrel-macos-x86_64, r-oldrel-windows-ix86+x86_64

Version: 0.1.2.0
Check: installed package size
Result: NOTE
     installed size is 103.2Mb
     sub-directories of 1Mb or more:
     libs 102.8Mb
Flavors: r-devel-linux-x86_64-fedora-clang, r-devel-windows-ix86+x86_64, r-patched-solaris-x86, r-release-macos-x86_64, r-release-windows-ix86+x86_64, r-oldrel-macos-x86_64, r-oldrel-windows-ix86+x86_64