Last updated on 2023-03-21 21:57:16 CET.
Flavor | Version | Tinstall | Tcheck | Ttotal | Status | Flags |
---|---|---|---|---|---|---|
r-devel-linux-x86_64-debian-clang | 0.0.4 | 164.64 | 29.51 | 194.15 | NOTE | |
r-devel-linux-x86_64-debian-gcc | 0.0.4 | 133.65 | 22.99 | 156.64 | NOTE | |
r-devel-linux-x86_64-fedora-clang | 0.0.4 | 380.32 | NOTE | |||
r-devel-linux-x86_64-fedora-gcc | 0.0.4 | 258.86 | NOTE | |||
r-patched-linux-x86_64 | 0.0.4 | 141.57 | 29.27 | 170.84 | OK | |
r-release-linux-x86_64 | 0.0.4 | 139.11 | 29.61 | 168.72 | OK | |
r-release-macos-arm64 | 0.0.4 | 61.00 | NOTE | |||
r-release-macos-x86_64 | 0.0.4 | 95.00 | NOTE | |||
r-release-windows-x86_64 | 0.0.4 | 163.00 | 93.00 | 256.00 | OK | |
r-oldrel-macos-arm64 | 0.0.4 | 61.00 | NOTE | |||
r-oldrel-macos-x86_64 | 0.0.4 | 104.00 | NOTE | |||
r-oldrel-windows-ix86+x86_64 | 0.0.4 | 420.00 | 88.00 | 508.00 | OK |
Version: 0.0.4
Check: C++ specification
Result: NOTE
Specified C++14: please drop specification unless essential
Flavors: r-devel-linux-x86_64-debian-clang, r-devel-linux-x86_64-debian-gcc, r-devel-linux-x86_64-fedora-clang, r-devel-linux-x86_64-fedora-gcc
Version: 0.0.4
Check: installed package size
Result: NOTE
installed size is 8.3Mb
sub-directories of 1Mb or more:
libs 8.1Mb
Flavors: r-release-macos-arm64, r-release-macos-x86_64, r-oldrel-macos-arm64, r-oldrel-macos-x86_64