CRAN Package Check Results for Package qgraph

Last updated on 2020-09-22 14:05:07 CEST.

Flavor Version Tinstall Tcheck Ttotal Status Flags
r-devel-linux-x86_64-debian-clang 1.6.5 45.50 150.39 195.89 OK
r-devel-linux-x86_64-debian-gcc 1.6.5 32.40 119.15 151.55 OK
r-devel-linux-x86_64-fedora-clang 1.6.5 255.51 NOTE
r-devel-linux-x86_64-fedora-gcc 1.6.5 240.43 OK
r-devel-windows-ix86+x86_64 1.6.5 88.00 200.00 288.00 OK
r-patched-linux-x86_64 1.6.5 31.78 146.54 178.32 OK
r-patched-solaris-x86 1.6.5 307.50 OK
r-release-linux-x86_64 1.6.5 30.31 149.81 180.12 OK
r-release-macos-x86_64 1.6.5 NOTE
r-release-windows-ix86+x86_64 1.6.5 85.00 192.00 277.00 OK
r-oldrel-macos-x86_64 1.6.5 OK
r-oldrel-windows-ix86+x86_64 1.6.5 56.00 234.00 290.00 OK

Check Details

Version: 1.6.5
Check: package dependencies
Result: NOTE
    Imports includes 24 non-default packages.
    Importing from so many packages makes the package vulnerable to any of
    them becoming unavailable. Move as many as possible to Suggests and
    use conditionally.
Flavor: r-devel-linux-x86_64-fedora-clang

Version: 1.6.5
Check: package dependencies
Result: NOTE
    Package suggested but not available for checking: ‘sendplot’
Flavor: r-release-macos-x86_64

Version: 1.6.5
Check: Rd cross-references
Result: NOTE
    Package unavailable to check Rd xrefs: ‘sendplot’
Flavor: r-release-macos-x86_64