CRAN Package Check Results for Package qgam

Last updated on 2022-08-14 06:51:54 CEST.

Flavor Version Tinstall Tcheck Ttotal Status Flags
r-devel-linux-x86_64-debian-clang 1.3.4 18.41 441.61 460.02 OK
r-devel-linux-x86_64-debian-gcc 1.3.4 12.43 331.91 344.34 OK
r-devel-linux-x86_64-fedora-clang 1.3.4 544.31 NOTE
r-devel-linux-x86_64-fedora-gcc 1.3.4 545.54 OK
r-devel-windows-x86_64 1.3.4 41.00 451.00 492.00 NOTE
r-patched-linux-x86_64 1.3.4 15.49 406.48 421.97 OK
r-release-linux-x86_64 1.3.4 16.98 413.76 430.74 OK
r-release-macos-arm64 1.3.4 210.00 NOTE
r-release-macos-x86_64 1.3.4 247.00 NOTE
r-release-windows-x86_64 1.3.4 32.00 450.00 482.00 NOTE
r-oldrel-macos-arm64 1.3.4 293.00 NOTE
r-oldrel-macos-x86_64 1.3.4 231.00 NOTE
r-oldrel-windows-ix86+x86_64 1.3.4 41.00 680.00 721.00 NOTE

Check Details

Version: 1.3.4
Check: installed package size
Result: NOTE
     installed size is 6.0Mb
     sub-directories of 1Mb or more:
     doc 5.2Mb
Flavors: r-devel-linux-x86_64-fedora-clang, r-devel-windows-x86_64, r-release-macos-arm64, r-release-macos-x86_64, r-release-windows-x86_64, r-oldrel-macos-arm64, r-oldrel-macos-x86_64, r-oldrel-windows-ix86+x86_64