CRAN Package Check Results for Package qgam

Last updated on 2020-10-30 01:48:40 CET.

Flavor Version Tinstall Tcheck Ttotal Status Flags
r-devel-linux-x86_64-debian-clang 1.3.2 16.20 314.95 331.15 OK
r-devel-linux-x86_64-debian-gcc 1.3.2 11.56 239.65 251.21 OK
r-devel-linux-x86_64-fedora-clang 1.3.2 395.61 OK
r-devel-linux-x86_64-fedora-gcc 1.3.2 410.03 OK
r-devel-windows-ix86+x86_64 1.3.2 31.00 447.00 478.00 OK
r-patched-linux-x86_64 1.3.2 14.55 298.91 313.46 OK
r-patched-solaris-x86 1.3.2 655.70 NOTE
r-release-linux-x86_64 1.3.2 11.97 298.43 310.40 OK
r-release-macos-x86_64 1.3.2 OK
r-release-windows-ix86+x86_64 1.3.2 27.00 553.00 580.00 OK
r-oldrel-macos-x86_64 1.3.2 OK
r-oldrel-windows-ix86+x86_64 1.3.2 27.00 503.00 530.00 OK

Check Details

Version: 1.3.2
Check: installed package size
Result: NOTE
     installed size is 5.1Mb
     sub-directories of 1Mb or more:
     doc 4.2Mb
Flavor: r-patched-solaris-x86